Last updated on 2024-03-29 06:56:42 CET.
Flavor | Version | Tinstall | Tcheck | Ttotal | Status | Flags |
---|---|---|---|---|---|---|
r-devel-linux-x86_64-debian-clang | 1.2 | 19.00 | 130.55 | 149.55 | OK | |
r-devel-linux-x86_64-debian-gcc | 1.2 | 15.27 | 101.48 | 116.75 | OK | |
r-devel-linux-x86_64-fedora-clang | 1.2 | 198.78 | NOTE | |||
r-devel-linux-x86_64-fedora-gcc | 1.2 | 192.25 | NOTE | |||
r-devel-windows-x86_64 | 1.2 | 17.00 | 103.00 | 120.00 | OK | |
r-patched-linux-x86_64 | 1.2 | 17.20 | 128.62 | 145.82 | OK | |
r-release-linux-x86_64 | 1.2 | 15.74 | 130.43 | 146.17 | OK | |
r-release-macos-arm64 | 1.2 | 57.00 | OK | |||
r-release-macos-x86_64 | 1.2 | 91.00 | OK | |||
r-release-windows-x86_64 | 1.2 | 21.00 | 127.00 | 148.00 | OK | |
r-oldrel-macos-arm64 | 1.2 | 50.00 | NOTE | |||
r-oldrel-windows-x86_64 | 1.2 | 21.00 | 135.00 | 156.00 | OK |
Version: 1.2
Check: dependencies in R code
Result: NOTE
Namespaces in Imports field not imported from:
‘V8’ ‘colorspace’
All declared Imports should be used.
Flavors: r-devel-linux-x86_64-fedora-clang, r-devel-linux-x86_64-fedora-gcc, r-oldrel-macos-arm64