CRAN Package Check Results for Package trackeR

Last updated on 2022-10-06 06:49:50 CEST.

Flavor Version Tinstall Tcheck Ttotal Status Flags
r-devel-linux-x86_64-debian-clang 1.5.2 15.58 305.87 321.45 NOTE
r-devel-linux-x86_64-debian-gcc 1.5.2 11.39 223.64 235.03 NOTE
r-devel-linux-x86_64-fedora-clang 1.5.2 358.37 NOTE
r-devel-linux-x86_64-fedora-gcc 1.5.2 385.69 NOTE
r-devel-windows-x86_64 1.5.2 70.00 382.00 452.00 NOTE
r-patched-linux-x86_64 1.5.2 18.24 290.76 309.00 OK
r-release-linux-x86_64 1.5.2 12.57 288.47 301.04 OK
r-release-macos-arm64 1.5.2 133.00 NOTE
r-release-macos-x86_64 1.5.2 244.00 NOTE
r-release-windows-x86_64 1.5.2 63.00 356.00 419.00 NOTE
r-oldrel-macos-arm64 1.5.2 139.00 NOTE
r-oldrel-macos-x86_64 1.5.2 243.00 NOTE
r-oldrel-windows-ix86+x86_64 1.5.2 30.00 367.00 397.00 NOTE

Check Details

Version: 1.5.2
Check: package subdirectories
Result: NOTE
    Problems with news in 'NEWS.md':
     Cannot extract version info from the following section titles:
     Enhancements
     Other changes
Flavors: r-devel-linux-x86_64-debian-clang, r-devel-linux-x86_64-debian-gcc, r-devel-linux-x86_64-fedora-clang, r-devel-linux-x86_64-fedora-gcc, r-devel-windows-x86_64

Version: 1.5.2
Check: installed package size
Result: NOTE
     installed size is 6.1Mb
     sub-directories of 1Mb or more:
     data 2.4Mb
     doc 2.7Mb
Flavors: r-devel-linux-x86_64-fedora-clang, r-devel-windows-x86_64, r-release-macos-arm64, r-release-macos-x86_64, r-release-windows-x86_64, r-oldrel-macos-arm64, r-oldrel-macos-x86_64, r-oldrel-windows-ix86+x86_64

Version: 1.5.2
Check: re-building of vignette outputs
Result: NOTE
    Error(s) in re-building vignettes:
    --- re-building ‘TourDetrackeR.Rmd’ using rmarkdown
    Warning in engine$weave(file, quiet = quiet, encoding = enc) :
     Pandoc (>= 1.12.3) not available. Falling back to R Markdown v1.
    Loading required package: zoo
    
    Attaching package: 'zoo'
    
    The following objects are masked from 'package:base':
    
     as.Date, as.Date.numeric
    
    
    Attaching package: 'trackeR'
    
    The following object is masked from 'package:base':
    
     append
    
    Quitting from lines 86-87 (TourDetrackeR.Rmd)
    Error: processing vignette 'TourDetrackeR.Rmd' failed with diagnostics:
    polygon edge not found
    --- failed re-building ‘TourDetrackeR.Rmd’
    
    --- re-building ‘trackeR.Rnw’ using Sweave
    Loading required package: zoo
    
    Attaching package: 'zoo'
    
    The following objects are masked from 'package:base':
    
     as.Date, as.Date.numeric
    
    
    Attaching package: 'trackeR'
    
    The following object is masked from 'package:base':
    
     append
    
    Warning in sanity_checks(dat = dat, silent = silent) :
     Observations with duplicated time stamps have been removed.
    Warning in sanity_checks(dat = dat, silent = silent) :
     Observations with duplicated time stamps have been removed.
    Loading required package: splines
    Loading required package: Matrix
    Loading required package: fds
    Loading required package: rainbow
    Loading required package: MASS
    Loading required package: pcaPP
    Loading required package: RCurl
    
    Attaching package: 'fda'
    
    The following object is masked from 'package:graphics':
    
     matplot
    
    --- finished re-building 'trackeR.Rnw'
    
    SUMMARY: processing the following file failed:
     ‘TourDetrackeR.Rmd’
    
    Error: Vignette re-building failed.
    Execution halted
Flavor: r-oldrel-macos-arm64

Version: 1.5.2
Check: re-building of vignette outputs
Result: NOTE
    Error(s) in re-building vignettes:
    --- re-building ‘TourDetrackeR.Rmd’ using rmarkdown
    Warning in engine$weave(file, quiet = quiet, encoding = enc) :
     Pandoc (>= 1.12.3) not available. Falling back to R Markdown v1.
    Loading required package: zoo
    
    Attaching package: 'zoo'
    
    The following objects are masked from 'package:base':
    
     as.Date, as.Date.numeric
    
    
    Attaching package: 'trackeR'
    
    The following object is masked from 'package:base':
    
     append
    
    Source : http://tile.stamen.com/toner/13/4056/2748.png
    Source : http://tile.stamen.com/toner/13/4057/2748.png
    Source : http://tile.stamen.com/toner/13/4056/2749.png
    Source : http://tile.stamen.com/toner/13/4057/2749.png
    Quitting from lines 106-108 (TourDetrackeR.Rmd)
    Error: processing vignette 'TourDetrackeR.Rmd' failed with diagnostics:
    invalid 'path' argument
    --- failed re-building ‘TourDetrackeR.Rmd’
    
    --- re-building ‘trackeR.Rnw’ using Sweave
    Loading required package: zoo
    
    Attaching package: 'zoo'
    
    The following objects are masked from 'package:base':
    
     as.Date, as.Date.numeric
    
    
    Attaching package: 'trackeR'
    
    The following object is masked from 'package:base':
    
     append
    
    Warning in sanity_checks(dat = dat, silent = silent) :
     Observations with duplicated time stamps have been removed.
    Warning in sanity_checks(dat = dat, silent = silent) :
     Observations with duplicated time stamps have been removed.
    Loading required package: splines
    Loading required package: Matrix
    Loading required package: fds
    Loading required package: rainbow
    Loading required package: MASS
    Loading required package: pcaPP
    Loading required package: RCurl
    
    Attaching package: 'fda'
    
    The following object is masked from 'package:graphics':
    
     matplot
    
    --- finished re-building 'trackeR.Rnw'
    
    SUMMARY: processing the following file failed:
     ‘TourDetrackeR.Rmd’
    
    Error: Vignette re-building failed.
    Execution halted
Flavor: r-oldrel-macos-x86_64