CRAN Package Check Results for Package trackeR

Last updated on 2023-09-22 12:56:42 CEST.

Flavor Version Tinstall Tcheck Ttotal Status Flags
r-devel-linux-x86_64-debian-clang 1.5.2 12.05 299.00 311.05 NOTE
r-devel-linux-x86_64-debian-gcc 1.5.2 12.25 220.09 232.34 NOTE
r-devel-linux-x86_64-fedora-clang 1.5.2 384.26 NOTE
r-devel-linux-x86_64-fedora-gcc 1.5.2 392.17 NOTE
r-devel-windows-x86_64 1.5.2 16.00 288.00 304.00 NOTE
r-patched-linux-x86_64 1.5.2 20.51 287.91 308.42 NOTE
r-release-linux-x86_64 1.5.2 11.54 288.83 300.37 NOTE
r-release-macos-arm64 1.5.2 166.00 NOTE
r-release-macos-x86_64 1.5.2 259.00 NOTE
r-release-windows-x86_64 1.5.2 19.00 334.00 353.00 NOTE
r-oldrel-macos-arm64 1.5.2 133.00 NOTE
r-oldrel-macos-x86_64 1.5.2 244.00 NOTE
r-oldrel-windows-x86_64 1.5.2 19.00 311.00 330.00 NOTE

Check Details

Version: 1.5.2
Check: package subdirectories
Result: NOTE
    Problems with news in ‘NEWS.md’:
     Cannot extract version info from the following section titles:
     Enhancements
     Other changes
Flavors: r-devel-linux-x86_64-debian-clang, r-devel-linux-x86_64-debian-gcc, r-devel-linux-x86_64-fedora-clang, r-devel-linux-x86_64-fedora-gcc, r-devel-windows-x86_64, r-patched-linux-x86_64, r-release-linux-x86_64, r-release-macos-arm64, r-release-macos-x86_64, r-release-windows-x86_64

Version: 1.5.2
Check: installed package size
Result: NOTE
     installed size is 6.0Mb
     sub-directories of 1Mb or more:
     data 2.2Mb
     doc 2.7Mb
Flavors: r-devel-linux-x86_64-fedora-clang, r-devel-windows-x86_64, r-release-macos-arm64, r-release-macos-x86_64, r-release-windows-x86_64, r-oldrel-macos-arm64, r-oldrel-macos-x86_64, r-oldrel-windows-x86_64

Version: 1.5.2
Check: re-building of vignette outputs
Result: NOTE
    Error(s) in re-building vignettes:
    --- re-building ‘TourDetrackeR.Rmd’ using rmarkdown
    Pandoc is required to build R Markdown vignettes but not available. Please make sure it is installed.
    file:////private/var/folders/2b/t0kwbtmn3p7brv2mvx39c9cr0000gn/T/RtmpIuVybB/file14f4848605c56/widget14f482e4e3739.html screenshot completed
    --- finished re-building ‘TourDetrackeR.Rmd’
    
    --- re-building ‘trackeR.Rnw’ using Sweave
    Loading required package: zoo
    
    Attaching package: 'zoo'
    
    The following objects are masked from 'package:base':
    
     as.Date, as.Date.numeric
    
    
    Attaching package: 'trackeR'
    
    The following object is masked from 'package:base':
    
     append
    
    Warning in sanity_checks(dat = dat, silent = silent) :
     Observations with duplicated time stamps have been removed.
    Warning in sanity_checks(dat = dat, silent = silent) :
     Observations with duplicated time stamps have been removed.
    Warning: The `facets` argument of `facet_grid()` is deprecated as of ggplot2
    2.2.0.
    ℹ Please use the `rows` argument instead.
    ℹ The deprecated feature was likely used in the trackeR package.
     Please report the issue at
     <https://github.com/trackerproject/trackeR/issues>.
    Loading required package: splines
    Loading required package: fds
    Loading required package: rainbow
    Loading required package: MASS
    Loading required package: pcaPP
    Loading required package: RCurl
    Loading required package: deSolve
    
    Attaching package: 'fda'
    
    The following object is masked from 'package:graphics':
    
     matplot
    
    Error: processing vignette 'trackeR.Rnw' failed with diagnostics:
    Running 'texi2dvi' on 'trackeR.tex' failed.
    LaTeX errors:
    ! LaTeX Error: File `dsfont.sty' not found.
    
    Type X to quit or <RETURN> to proceed,
    or enter new name. (Default extension: sty)
    
    ! Emergency stop.
    <read *>
    
    l.5 \usepackage
     {tikz}^^M
    ! ==> Fatal error occurred, no output PDF file produced!
    --- failed re-building 'trackeR.Rnw'
    
    SUMMARY: processing the following file failed:
     ‘trackeR.Rnw’
    
    Error: Vignette re-building failed.
    Execution halted
Flavor: r-release-macos-x86_64