Last updated on 2024-04-23 05:58:31 CEST.
Flavor | Version | Tinstall | Tcheck | Ttotal | Status | Flags |
---|---|---|---|---|---|---|
r-devel-linux-x86_64-debian-clang | 2.2.3 | 16.14 | 45.99 | 62.13 | NOTE | |
r-devel-linux-x86_64-debian-gcc | 2.2.3 | 11.64 | 34.60 | 46.24 | NOTE | |
r-devel-linux-x86_64-fedora-clang | 2.2.3 | 87.59 | NOTE | |||
r-devel-linux-x86_64-fedora-gcc | 2.2.3 | 92.69 | NOTE | |||
r-prerel-macos-arm64 | 2.2.3 | 32.00 | NOTE | |||
r-prerel-windows-x86_64 | 2.2.3 | 16.00 | 82.00 | 98.00 | NOTE | |
r-patched-linux-x86_64 | 2.2.3 | 13.89 | 45.17 | 59.06 | NOTE | |
r-release-linux-x86_64 | 2.2.3 | 13.82 | 43.34 | 57.16 | OK | |
r-release-macos-arm64 | 2.2.3 | 104.00 | OK | |||
r-release-macos-x86_64 | 2.2.3 | 105.00 | OK | |||
r-release-windows-x86_64 | 2.2.3 | 17.00 | 90.00 | 107.00 | OK | |
r-oldrel-macos-arm64 | 2.2.3 | 32.00 | OK | |||
r-oldrel-windows-x86_64 | 2.2.3 | 17.00 | 85.00 | 102.00 | OK |
Version: 2.2.3
Check: Rd files
Result: NOTE
checkRd: (-1) parse_beast_output_files.Rd:23: Lost braces
23 | item{\code{estimates}: parameter estimates}
| ^
checkRd: (-1) parse_beast_output_files.Rd:24-28: Lost braces
24 | item{
| ^
checkRd: (-1) parse_beast_output_files.Rd:29-31: Lost braces
29 | item{\code{operators}: the BEAST2 MCMC operator
| ^
checkRd: (-1) parse_beast_posterior.Rd:28: Lost braces
28 | item{\code{estimates}: parameter estimates}
| ^
checkRd: (-1) parse_beast_posterior.Rd:29-33: Lost braces
29 | item{
| ^
Flavors: r-devel-linux-x86_64-debian-clang, r-devel-linux-x86_64-debian-gcc, r-devel-linux-x86_64-fedora-clang, r-devel-linux-x86_64-fedora-gcc, r-prerel-macos-arm64, r-prerel-windows-x86_64, r-patched-linux-x86_64