CRAN Package Check Results for Package tosca

Last updated on 2024-02-26 12:54:39 CET.

Flavor Version Tinstall Tcheck Ttotal Status Flags
r-devel-linux-x86_64-debian-clang 0.3-2 12.28 114.86 127.14 NOTE
r-devel-linux-x86_64-debian-gcc 0.3-2 8.87 83.52 92.39 NOTE
r-devel-linux-x86_64-fedora-clang 0.3-2 159.95 NOTE
r-devel-linux-x86_64-fedora-gcc 0.3-2 166.43 NOTE
r-devel-windows-x86_64 0.3-2 11.00 140.00 151.00 NOTE
r-patched-linux-x86_64 0.3-2 16.44 109.52 125.96 NOTE
r-release-linux-x86_64 0.3-2 13.29 108.81 122.10 NOTE
r-release-macos-arm64 0.3-2 83.00 NOTE
r-release-macos-x86_64 0.3-2 110.00 NOTE
r-release-windows-x86_64 0.3-2 15.00 155.00 170.00 NOTE
r-oldrel-macos-arm64 0.3-2 77.00 NOTE
r-oldrel-windows-x86_64 0.3-2 14.00 147.00 161.00 NOTE

Check Details

Version: 0.3-2
Check: package dependencies
Result: NOTE Package suggested but not available for checking: ‘toscaData’ Flavors: r-devel-linux-x86_64-debian-clang, r-devel-linux-x86_64-debian-gcc, r-devel-linux-x86_64-fedora-clang, r-devel-linux-x86_64-fedora-gcc, r-devel-windows-x86_64, r-patched-linux-x86_64, r-release-linux-x86_64, r-release-macos-arm64, r-release-macos-x86_64, r-release-windows-x86_64, r-oldrel-macos-arm64, r-oldrel-windows-x86_64