Last updated on 2023-03-31 03:52:54 CEST.
Flavor | Version | Tinstall | Tcheck | Ttotal | Status | Flags |
---|---|---|---|---|---|---|
r-devel-linux-x86_64-debian-clang | 0.3-2 | 12.83 | 107.46 | 120.29 | NOTE | |
r-devel-linux-x86_64-debian-gcc | 0.3-2 | 8.90 | 79.71 | 88.61 | NOTE | |
r-devel-linux-x86_64-fedora-clang | 0.3-2 | 147.95 | NOTE | |||
r-devel-linux-x86_64-fedora-gcc | 0.3-2 | 151.15 | NOTE | |||
r-patched-linux-x86_64 | 0.3-2 | 16.21 | 101.43 | 117.64 | NOTE | |
r-release-linux-x86_64 | 0.3-2 | 10.49 | 103.00 | 113.49 | NOTE | |
r-release-macos-arm64 | 0.3-2 | 77.00 | NOTE | |||
r-release-macos-x86_64 | 0.3-2 | 91.00 | NOTE | |||
r-release-windows-x86_64 | 0.3-2 | 55.00 | 172.00 | 227.00 | NOTE | |
r-oldrel-macos-arm64 | 0.3-2 | 67.00 | NOTE | |||
r-oldrel-macos-x86_64 | 0.3-2 | 87.00 | NOTE | |||
r-oldrel-windows-ix86+x86_64 | 0.3-2 | 20.00 | 166.00 | 186.00 | NOTE |
Version: 0.3-2
Check: package dependencies
Result: NOTE
Package suggested but not available for checking: ‘toscaData’
Flavors: r-devel-linux-x86_64-debian-clang, r-devel-linux-x86_64-debian-gcc, r-devel-linux-x86_64-fedora-clang, r-devel-linux-x86_64-fedora-gcc, r-patched-linux-x86_64, r-release-linux-x86_64, r-release-macos-arm64, r-release-macos-x86_64, r-release-windows-x86_64, r-oldrel-macos-arm64, r-oldrel-macos-x86_64, r-oldrel-windows-ix86+x86_64