CRAN Package Check Results for Package torchopt

Last updated on 2025-04-30 12:49:19 CEST.

Flavor Version Tinstall Tcheck Ttotal Status Flags
r-devel-linux-x86_64-debian-clang 0.1.4 4.53 82.66 87.19 NOTE
r-devel-linux-x86_64-debian-gcc 0.1.4 3.66 58.31 61.97 NOTE
r-devel-linux-x86_64-fedora-clang 0.1.4 147.42 OK
r-devel-linux-x86_64-fedora-gcc 0.1.4 144.64 OK
r-devel-windows-x86_64 0.1.4 6.00 86.00 92.00 OK
r-patched-linux-x86_64 0.1.4 7.14 79.98 87.12 OK
r-release-linux-x86_64 0.1.4 7.46 80.14 87.60 OK
r-release-macos-arm64 0.1.4 51.00 OK
r-release-macos-x86_64 0.1.4 83.00 OK
r-release-windows-x86_64 0.1.4 9.00 90.00 99.00 OK
r-oldrel-macos-arm64 0.1.4 23.00 OK
r-oldrel-macos-x86_64 0.1.4 34.00 OK
r-oldrel-windows-x86_64 0.1.4 10.00 107.00 117.00 OK

Check Details

Version: 0.1.4
Check: CRAN incoming feasibility
Result: NOTE Maintainer: ‘Gilberto Camara <gilberto.camara.inpe@gmail.com>’ The Description field contains (a) 'adabelief' by Zhuang et al (2020), <arXiv:2010.07468>; (b) 'adabound' by Luo et al.(2019), <arXiv:1902.09843>; (c) 'adahessian' by Yao et al.(2021) <arXiv:2006.00719>; (d) 'adamw' by Loshchilov & Hutter (2019), <arXiv:1711.05101>; (e) 'madgrad' by Defazio and Jelassi (2021), <arXiv:2101.11075>; (f) 'nadam' by Dozat (2019), Ma and Yarats(2019), <arXiv:1810.06801>; (h) 'radam' by Liu et al. (2019), <arXiv:1908.03265>; (i) 'swats' by Shekar and Sochee (2018), <arXiv:1712.07628>; (j) 'yogi' by Zaheer et al.(2019), Please refer to arXiv e-prints via their arXiv DOI <doi:10.48550/arXiv.YYMM.NNNNN>. Flavors: r-devel-linux-x86_64-debian-clang, r-devel-linux-x86_64-debian-gcc

Version: 0.1.4
Check: examples
Result: NOTE Examples with CPU (user + system) or elapsed time > 5s user system elapsed optim_nadam 7.391 0.096 8.385 optim_adabelief 5.733 0.164 6.741 optim_swats 5.679 0.012 6.497 Flavor: r-devel-linux-x86_64-debian-clang

Version: 0.1.4
Check: examples
Result: NOTE Examples with CPU (user + system) or elapsed time > 5s user system elapsed optim_nadam 4.453 0.058 5.424 Flavor: r-devel-linux-x86_64-debian-gcc