CRAN Package Check Results for Package torch

Last updated on 2022-01-20 12:52:33 CET.

Flavor Version Tinstall Tcheck Ttotal Status Flags
r-devel-linux-x86_64-debian-clang 0.6.0 OK
r-devel-linux-x86_64-debian-gcc 0.6.0 521.52 167.93 689.45 OK
r-devel-linux-x86_64-fedora-clang 0.6.0 1187.68 NOTE
r-devel-linux-x86_64-fedora-gcc 0.6.0 1308.02 OK
r-devel-windows-x86_64-new-UL 0.6.0 1548.00 515.00 2063.00 NOTE
r-devel-windows-x86_64-new-TK 0.6.0 OK
r-patched-linux-x86_64 0.6.0 643.05 220.27 863.32 OK
r-release-linux-x86_64 0.6.0 629.57 219.64 849.21 OK
r-release-macos-arm64 0.6.0 NOTE
r-release-macos-x86_64 0.6.0 NOTE
r-release-windows-ix86+x86_64 0.6.0 1410.00 526.00 1936.00 NOTE
r-oldrel-macos-x86_64 0.6.0 NOTE
r-oldrel-windows-ix86+x86_64 0.6.0 1406.00 504.00 1910.00 NOTE

Additional issues

valgrind

Check Details

Version: 0.6.0
Check: installed package size
Result: NOTE
     installed size is 110.7Mb
     sub-directories of 1Mb or more:
     R 4.7Mb
     help 1.6Mb
     libs 103.8Mb
Flavors: r-devel-linux-x86_64-fedora-clang, r-devel-windows-x86_64-new-UL, r-release-macos-arm64, r-release-macos-x86_64, r-release-windows-ix86+x86_64, r-oldrel-macos-x86_64, r-oldrel-windows-ix86+x86_64