CRAN Package Check Results for Package topicmodels

Last updated on 2020-07-15 06:48:28 CEST.

Flavor Version Tinstall Tcheck Ttotal Status Flags
r-devel-linux-x86_64-debian-clang 0.2-11 14.89 115.79 130.68 NOTE
r-devel-linux-x86_64-debian-gcc 0.2-11 11.15 87.65 98.80 NOTE
r-devel-linux-x86_64-fedora-clang 0.2-11 167.62 NOTE
r-devel-linux-x86_64-fedora-gcc 0.2-11 170.09 NOTE
r-devel-windows-ix86+x86_64 0.2-11 49.00 190.00 239.00 NOTE
r-patched-linux-x86_64 0.2-11 13.18 115.16 128.34 NOTE
r-patched-solaris-x86 0.2-11 321.50 NOTE
r-release-linux-x86_64 0.2-11 11.36 113.81 125.17 NOTE
r-release-macos-x86_64 0.2-11 ERROR
r-release-windows-ix86+x86_64 0.2-11 49.00 193.00 242.00 NOTE
r-oldrel-macos-x86_64 0.2-11 NOTE
r-oldrel-windows-ix86+x86_64 0.2-11 45.00 231.00 276.00 NOTE

Check Details

Version: 0.2-11
Check: package dependencies
Result: NOTE
    Package suggested but not available for checking: 'corpus.JSS.papers'
Flavors: r-devel-linux-x86_64-debian-clang, r-devel-linux-x86_64-debian-gcc, r-devel-linux-x86_64-fedora-clang, r-devel-linux-x86_64-fedora-gcc, r-devel-windows-ix86+x86_64, r-patched-linux-x86_64, r-patched-solaris-x86, r-release-linux-x86_64, r-release-macos-x86_64, r-release-windows-ix86+x86_64, r-oldrel-macos-x86_64, r-oldrel-windows-ix86+x86_64

Version: 0.2-11
Check: whether package can be installed
Result: ERROR
    Installation failed.
Flavor: r-release-macos-x86_64