Last updated on 2024-04-19 03:56:39 CEST.
Flavor | Version | Tinstall | Tcheck | Ttotal | Status | Flags |
---|---|---|---|---|---|---|
r-devel-linux-x86_64-debian-clang | 0.1.0 | 13.13 | 103.46 | 116.59 | NOTE | |
r-devel-linux-x86_64-debian-gcc | 0.1.0 | 10.38 | 79.05 | 89.43 | NOTE | |
r-devel-linux-x86_64-fedora-clang | 0.1.0 | 150.89 | NOTE | |||
r-devel-linux-x86_64-fedora-gcc | 0.1.0 | 145.00 | NOTE | |||
r-prerel-macos-arm64 | 0.1.0 | 47.00 | NOTE | |||
r-prerel-windows-x86_64 | 0.1.0 | 10.00 | 95.00 | 105.00 | NOTE | |
r-patched-linux-x86_64 | 0.1.0 | 11.41 | 99.61 | 111.02 | NOTE | |
r-release-linux-x86_64 | 0.1.0 | 8.52 | 101.24 | 109.76 | OK | |
r-release-macos-arm64 | 0.1.0 | 41.00 | OK | |||
r-release-macos-x86_64 | 0.1.0 | 71.00 | OK | |||
r-release-windows-x86_64 | 0.1.0 | 15.00 | 109.00 | 124.00 | OK | |
r-oldrel-macos-arm64 | 0.1.0 | 36.00 | OK | |||
r-oldrel-windows-x86_64 | 0.1.0 | 15.00 | 115.00 | 130.00 | OK |
Version: 0.1.0
Check: Rd files
Result: NOTE
checkRd: (-1) ETM.Rd:33: Lost braces in \itemize; \value handles \item{}{} directly
checkRd: (-1) ETM.Rd:34: Lost braces in \itemize; \value handles \item{}{} directly
checkRd: (-1) ETM.Rd:35: Lost braces in \itemize; \value handles \item{}{} directly
checkRd: (-1) ETM.Rd:36: Lost braces in \itemize; \value handles \item{}{} directly
checkRd: (-1) ETM.Rd:37: Lost braces in \itemize; \value handles \item{}{} directly
Flavors: r-devel-linux-x86_64-debian-clang, r-devel-linux-x86_64-debian-gcc, r-devel-linux-x86_64-fedora-clang, r-devel-linux-x86_64-fedora-gcc, r-prerel-macos-arm64, r-prerel-windows-x86_64, r-patched-linux-x86_64