CRAN Package Check Results for Package tomba

Last updated on 2023-12-09 12:49:38 CET.

Flavor Version Tinstall Tcheck Ttotal Status Flags
r-devel-linux-x86_64-debian-clang 1.0.1 2.19 27.09 29.28 OK
r-devel-linux-x86_64-debian-gcc 1.0.1 2.10 21.40 23.50 OK
r-devel-linux-x86_64-fedora-clang 1.0.1 38.05 NOTE
r-devel-linux-x86_64-fedora-gcc 1.0.1 35.75 NOTE
r-devel-windows-x86_64 1.0.1 3.00 47.00 50.00 OK
r-patched-linux-x86_64 1.0.1 3.02 25.92 28.94 OK
r-release-linux-x86_64 1.0.1 2.04 26.46 28.50 OK
r-release-macos-arm64 1.0.1 19.00 OK
r-release-macos-x86_64 1.0.1 23.00 OK
r-release-windows-x86_64 1.0.1 4.00 46.00 50.00 OK
r-oldrel-macos-arm64 1.0.1 18.00 NOTE
r-oldrel-macos-x86_64 1.0.1 27.00 NOTE
r-oldrel-windows-x86_64 1.0.1 4.00 47.00 51.00 OK

Check Details

Version: 1.0.1
Check: dependencies in R code
Result: NOTE Namespace in Imports field not imported from: ‘testthat’ All declared Imports should be used. Flavors: r-devel-linux-x86_64-fedora-clang, r-devel-linux-x86_64-fedora-gcc, r-oldrel-macos-arm64, r-oldrel-macos-x86_64