Last updated on 2023-04-02 06:50:46 CEST.
Flavor | Version | Tinstall | Tcheck | Ttotal | Status | Flags |
---|---|---|---|---|---|---|
r-devel-linux-x86_64-debian-clang | 0.2.1 | 7.73 | 68.87 | 76.60 | OK | |
r-devel-linux-x86_64-debian-gcc | 0.2.1 | 5.13 | 52.94 | 58.07 | OK | |
r-devel-linux-x86_64-fedora-clang | 0.2.1 | 93.94 | NOTE | |||
r-devel-linux-x86_64-fedora-gcc | 0.2.1 | 101.79 | NOTE | |||
r-patched-linux-x86_64 | 0.2.1 | 7.30 | 65.83 | 73.13 | OK | |
r-release-linux-x86_64 | 0.2.1 | 5.17 | 64.33 | 69.50 | OK | |
r-release-macos-arm64 | 0.2.1 | 30.00 | NOTE | |||
r-release-macos-x86_64 | 0.2.1 | 58.00 | NOTE | |||
r-release-windows-x86_64 | 0.2.1 | 53.00 | 138.00 | 191.00 | OK | |
r-oldrel-macos-arm64 | 0.2.1 | 33.00 | NOTE | |||
r-oldrel-macos-x86_64 | 0.2.1 | 43.00 | NOTE | |||
r-oldrel-windows-ix86+x86_64 | 0.2.1 | 17.00 | 102.00 | 119.00 | OK |
Version: 0.2.1
Check: data for non-ASCII characters
Result: NOTE
Note: found 1 marked UTF-8 string
Flavors: r-devel-linux-x86_64-fedora-clang, r-devel-linux-x86_64-fedora-gcc, r-release-macos-arm64, r-release-macos-x86_64, r-oldrel-macos-arm64, r-oldrel-macos-x86_64