CRAN Package Check Results for Package tmvtnorm

Last updated on 2022-05-18 12:54:30 CEST.

Flavor Version Tinstall Tcheck Ttotal Status Flags
r-devel-linux-x86_64-debian-clang 1.5 12.45 123.64 136.09 OK
r-devel-linux-x86_64-debian-gcc 1.5 10.25 92.38 102.63 OK
r-devel-linux-x86_64-fedora-clang 1.5 160.92 NOTE
r-devel-linux-x86_64-fedora-gcc 1.5 159.31 NOTE
r-devel-windows-x86_64 1.5 32.00 162.00 194.00 OK
r-patched-linux-x86_64 1.5 12.03 116.91 128.94 OK
r-release-linux-x86_64 1.5 12.14 117.72 129.86 OK
r-release-macos-arm64 1.5 48.00 OK
r-release-macos-x86_64 1.5 64.00 OK
r-release-windows-x86_64 1.5 30.00 160.00 190.00 OK
r-oldrel-macos-arm64 1.5 43.00 OK
r-oldrel-macos-x86_64 1.5 62.00 OK
r-oldrel-windows-ix86+x86_64 1.5 28.00 192.00 220.00 OK

Check Details

Version: 1.5
Check: compiled code
Result: NOTE
    File ‘tmvtnorm/libs/tmvtnorm.so’:
     Found no calls to: ‘R_registerRoutines’, ‘R_useDynamicSymbols’
    
    It is good practice to register native routines and to disable symbol
    search.
    
    See ‘Writing portable packages’ in the ‘Writing R Extensions’ manual.
Flavors: r-devel-linux-x86_64-fedora-clang, r-devel-linux-x86_64-fedora-gcc