CRAN Package Check Results for Package tmt

Last updated on 2022-01-20 20:50:51 CET.

Flavor Version Tinstall Tcheck Ttotal Status Flags
r-devel-linux-x86_64-debian-clang 0.2.1-0 NOTE
r-devel-linux-x86_64-debian-gcc 0.2.1-0 24.94 70.34 95.28 NOTE
r-devel-linux-x86_64-fedora-clang 0.2.1-0 169.47 NOTE
r-devel-linux-x86_64-fedora-gcc 0.2.1-0 145.63 NOTE
r-devel-windows-x86_64-new-UL 0.2.1-0 53.00 138.00 191.00 NOTE
r-devel-windows-x86_64-new-TK 0.2.1-0 NOTE
r-patched-linux-x86_64 0.2.1-0 26.08 87.77 113.85 NOTE
r-release-linux-x86_64 0.2.1-0 29.22 86.16 115.38 NOTE
r-release-macos-arm64 0.2.1-0 NOTE
r-release-macos-x86_64 0.2.1-0 NOTE
r-release-windows-ix86+x86_64 0.2.1-0 82.00 179.00 261.00 NOTE
r-oldrel-macos-x86_64 0.2.1-0 OK
r-oldrel-windows-ix86+x86_64 0.2.1-0 83.00 184.00 267.00 OK

Check Details

Version: 0.2.1-0
Check: LazyData
Result: NOTE
     'LazyData' is specified without a 'data' directory
Flavors: r-devel-linux-x86_64-debian-clang, r-devel-linux-x86_64-debian-gcc, r-devel-linux-x86_64-fedora-clang, r-devel-linux-x86_64-fedora-gcc, r-devel-windows-x86_64-new-UL, r-devel-windows-x86_64-new-TK, r-patched-linux-x86_64, r-release-linux-x86_64, r-release-macos-arm64, r-release-macos-x86_64, r-release-windows-ix86+x86_64