Last updated on 2024-04-20 05:59:10 CEST.
Flavor | Version | Tinstall | Tcheck | Ttotal | Status | Flags |
---|---|---|---|---|---|---|
r-devel-linux-x86_64-debian-clang | 3.1-1 | 7.43 | 99.61 | 107.04 | NOTE | |
r-devel-linux-x86_64-debian-gcc | 3.1-1 | 5.78 | 73.01 | 78.79 | NOTE | |
r-devel-linux-x86_64-fedora-clang | 3.1-1 | 128.21 | NOTE | |||
r-devel-linux-x86_64-fedora-gcc | 3.1-1 | 123.53 | NOTE | |||
r-prerel-macos-arm64 | 3.1-1 | 45.00 | NOTE | |||
r-prerel-windows-x86_64 | 3.1-1 | 8.00 | 92.00 | 100.00 | NOTE | |
r-patched-linux-x86_64 | 3.1-1 | 8.90 | 95.28 | 104.18 | NOTE | |
r-release-linux-x86_64 | 3.1-1 | 8.84 | 96.68 | 105.52 | NOTE | |
r-release-macos-arm64 | 3.1-1 | 54.00 | NOTE | |||
r-release-macos-x86_64 | 3.1-1 | 80.00 | NOTE | |||
r-release-windows-x86_64 | 3.1-1 | 11.00 | 106.00 | 117.00 | NOTE | |
r-oldrel-macos-arm64 | 3.1-1 | 49.00 | NOTE | |||
r-oldrel-windows-x86_64 | 3.1-1 | 11.00 | 109.00 | 120.00 | NOTE |
Version: 3.1-1
Check: LazyData
Result: NOTE
'LazyData' is specified without a 'data' directory
Flavors: r-devel-linux-x86_64-debian-clang, r-devel-linux-x86_64-debian-gcc, r-devel-linux-x86_64-fedora-clang, r-devel-linux-x86_64-fedora-gcc, r-prerel-macos-arm64, r-prerel-windows-x86_64, r-patched-linux-x86_64, r-release-linux-x86_64, r-release-macos-arm64, r-release-macos-x86_64, r-release-windows-x86_64, r-oldrel-macos-arm64, r-oldrel-windows-x86_64
Version: 3.1-1
Check: Rd cross-references
Result: NOTE
Undeclared package ‘sp’ in Rd xrefs
Flavor: r-devel-linux-x86_64-fedora-clang