CRAN Package Check Results for Package tmap

Last updated on 2021-10-24 21:50:11 CEST.

Flavor Version Tinstall Tcheck Ttotal Status Flags
r-devel-linux-x86_64-debian-clang 3.3-2 46.63 409.41 456.04 OK
r-devel-linux-x86_64-debian-gcc 3.3-2 37.73 296.11 333.84 OK
r-devel-linux-x86_64-fedora-clang 3.3-2 553.55 OK
r-devel-linux-x86_64-fedora-gcc 3.3-2 342.27 OK
r-devel-windows-x86_64 3.3-2 69.00 481.00 550.00 OK
r-devel-windows-x86_64-gcc10-UCRT 3.3-2 OK
r-patched-linux-x86_64 3.3-2 50.43 400.81 451.24 OK
r-patched-solaris-x86 3.3-2 491.70 ERROR
r-release-linux-x86_64 3.3-2 43.61 397.66 441.27 OK
r-release-macos-arm64 3.3-2 OK
r-release-macos-x86_64 3.3-2 OK
r-release-windows-ix86+x86_64 3.3-2 60.00 406.00 466.00 OK
r-oldrel-macos-x86_64 3.3-2 OK
r-oldrel-windows-ix86+x86_64 3.3-2 61.00 324.00 385.00 OK

Check Details

Version: 3.3-2
Check: package dependencies
Result: NOTE
    Packages suggested but not available for checking:
     'rmapshaper', 'av', 'gifski'
Flavor: r-patched-solaris-x86

Version: 3.3-2
Check: examples
Result: ERROR
    Running examples in ‘tmap-Ex.R’ failed
    The error most likely occurred in:
    
    > ### Name: tm_xlab
    > ### Title: Axis labels
    > ### Aliases: tm_xlab tm_ylab
    >
    > ### ** Examples
    >
    > data(World)
    >
    > qtm(World, fill="#FFF8DC", projection=4326, inner.margins=0) +
    + tm_grid(x = seq(-180, 180, by=20), y=seq(-90,90,by=10), col = "gray70") +
    + tm_xlab("Longitude") +
    + tm_ylab("Latitude")
    Warning in CPL_transform(x, crs, aoi, pipeline, reverse, desired_accuracy, :
     GDAL Error 1: No PROJ.4 translation for source SRS, coordinate transformation initialization has failed.
    Error in CPL_transform(x, crs, aoi, pipeline, reverse, desired_accuracy, :
     OGRCreateCoordinateTransformation(): transformation not available
    Calls: <Anonymous> ... st_transform.sfc -> st_sfc -> structure -> CPL_transform
    Execution halted
Flavor: r-patched-solaris-x86

Version: 3.3-2
Check: re-building of vignette outputs
Result: WARN
    Error(s) in re-building vignettes:
     ...
    --- re-building ‘tmap-JSS-code.Rmd’ using rmarkdown
    Pandoc is required to build R Markdown vignettes but not available. Please make sure it is installed.
    --- finished re-building ‘tmap-JSS-code.Rmd’
    
    --- re-building ‘tmap-changes.Rmd’ using rmarkdown
    Pandoc is required to build R Markdown vignettes but not available. Please make sure it is installed.
    Linking to GEOS 3.9.1, GDAL 2.4.4, PROJ 5.2.0
    --- finished re-building ‘tmap-changes.Rmd’
    
    --- re-building ‘tmap-getstarted.Rmd’ using rmarkdown
    Pandoc is required to build R Markdown vignettes but not available. Please make sure it is installed.
    Quitting from lines 68-79 (tmap-getstarted.Rmd)
    Error: processing vignette 'tmap-getstarted.Rmd' failed with diagnostics:
    OGRCreateCoordinateTransformation(): transformation not available
    --- failed re-building ‘tmap-getstarted.Rmd’
    
    SUMMARY: processing the following file failed:
     ‘tmap-getstarted.Rmd’
    
    Error: Vignette re-building failed.
    Execution halted
Flavor: r-patched-solaris-x86