Last updated on 2024-04-18 21:57:08 CEST.
Flavor | Version | Tinstall | Tcheck | Ttotal | Status | Flags |
---|---|---|---|---|---|---|
r-devel-linux-x86_64-debian-clang | 0.1.0 | 3.60 | 43.28 | 46.88 | NOTE | |
r-devel-linux-x86_64-debian-gcc | 0.1.0 | 2.69 | 34.54 | 37.23 | NOTE | |
r-devel-linux-x86_64-fedora-clang | 0.1.0 | 64.88 | NOTE | |||
r-devel-linux-x86_64-fedora-gcc | 0.1.0 | 73.78 | NOTE | |||
r-prerel-macos-arm64 | 0.1.0 | 27.00 | NOTE | |||
r-prerel-windows-x86_64 | 0.1.0 | 4.00 | 115.00 | 119.00 | NOTE | |
r-patched-linux-x86_64 | 0.1.0 | 2.66 | 41.60 | 44.26 | NOTE | |
r-release-linux-x86_64 | 0.1.0 | 2.77 | 38.99 | 41.76 | NOTE | |
r-release-macos-arm64 | 0.1.0 | 30.00 | NOTE | |||
r-release-macos-x86_64 | 0.1.0 | 37.00 | NOTE | |||
r-release-windows-x86_64 | 0.1.0 | 4.00 | 95.00 | 99.00 | NOTE | |
r-oldrel-macos-arm64 | 0.1.0 | 23.00 | NOTE | |||
r-oldrel-windows-x86_64 | 0.1.0 | 5.00 | 94.00 | 99.00 | NOTE |
Version: 0.1.0
Check: LazyData
Result: NOTE
'LazyData' is specified without a 'data' directory
Flavors: r-devel-linux-x86_64-debian-clang, r-devel-linux-x86_64-debian-gcc, r-devel-linux-x86_64-fedora-clang, r-devel-linux-x86_64-fedora-gcc, r-prerel-macos-arm64, r-prerel-windows-x86_64, r-patched-linux-x86_64, r-release-linux-x86_64, r-release-macos-arm64, r-release-macos-x86_64, r-release-windows-x86_64, r-oldrel-macos-arm64, r-oldrel-windows-x86_64