CRAN Package Check Results for Package tipitaka

Last updated on 2024-06-16 21:52:25 CEST.

Flavor Version Tinstall Tcheck Ttotal Status Flags
r-devel-linux-x86_64-debian-clang 0.1.2 46.64 40.16 86.80 NOTE
r-devel-linux-x86_64-debian-gcc 0.1.2 40.39 32.07 72.46 NOTE
r-devel-linux-x86_64-fedora-clang 0.1.2 124.21 NOTE
r-devel-linux-x86_64-fedora-gcc 0.1.2 119.83 NOTE
r-devel-windows-x86_64 0.1.2 47.00 65.00 112.00 NOTE
r-patched-linux-x86_64 0.1.2 47.28 39.63 86.91 NOTE
r-release-linux-x86_64 0.1.2 48.21 39.28 87.49 NOTE
r-release-macos-arm64 0.1.2 58.00 NOTE
r-release-macos-x86_64 0.1.2 71.00 NOTE
r-release-windows-x86_64 0.1.2 46.00 69.00 115.00 NOTE
r-oldrel-macos-arm64 0.1.2 68.00 NOTE
r-oldrel-macos-x86_64 0.1.2 86.00 NOTE
r-oldrel-windows-x86_64 0.1.2 61.00 87.00 148.00 NOTE

Check Details

Version: 0.1.2
Check: C++ specification
Result: NOTE Specified C++14: please drop specification unless essential Flavors: r-devel-linux-x86_64-debian-clang, r-devel-linux-x86_64-debian-gcc, r-devel-linux-x86_64-fedora-clang, r-devel-linux-x86_64-fedora-gcc, r-devel-windows-x86_64, r-patched-linux-x86_64, r-release-linux-x86_64, r-release-macos-arm64, r-release-macos-x86_64, r-release-windows-x86_64, r-oldrel-macos-arm64, r-oldrel-macos-x86_64, r-oldrel-windows-x86_64

Version: 0.1.2
Check: installed package size
Result: NOTE installed size is 5.5Mb sub-directories of 1Mb or more: data 5.1Mb Flavors: r-devel-linux-x86_64-fedora-clang, r-devel-windows-x86_64, r-release-macos-arm64, r-release-macos-x86_64, r-release-windows-x86_64, r-oldrel-macos-arm64, r-oldrel-macos-x86_64, r-oldrel-windows-x86_64

Version: 0.1.2
Check: dependencies in R code
Result: NOTE Namespaces in Imports field not imported from: ‘cpp11’ ‘dplyr’ ‘magrittr’ ‘stringi’ All declared Imports should be used. Flavors: r-devel-linux-x86_64-fedora-clang, r-devel-linux-x86_64-fedora-gcc

Version: 0.1.2
Check: data for non-ASCII characters
Result: NOTE Note: found 384749 marked UTF-8 strings Flavors: r-devel-linux-x86_64-fedora-clang, r-devel-linux-x86_64-fedora-gcc