Last updated on 2024-03-28 12:50:50 CET.
Flavor | Version | Tinstall | Tcheck | Ttotal | Status | Flags |
---|---|---|---|---|---|---|
r-devel-linux-x86_64-debian-clang | 2.3.2 | 35.84 | 369.04 | 404.88 | OK | |
r-devel-linux-x86_64-debian-gcc | 2.3.2 | 33.31 | 277.34 | 310.65 | OK | |
r-devel-linux-x86_64-fedora-clang | 2.3.2 | 547.00 | NOTE | |||
r-devel-linux-x86_64-fedora-gcc | 2.3.2 | 543.82 | NOTE | |||
r-devel-windows-x86_64 | 2.3.2 | 37.00 | 302.00 | 339.00 | OK | |
r-patched-linux-x86_64 | 2.3.2 | 25.47 | 326.96 | 352.43 | OK | |
r-release-linux-x86_64 | 2.3.2 | 36.12 | 369.64 | 405.76 | OK | |
r-release-macos-arm64 | 2.3.2 | 99.00 | NOTE | |||
r-release-macos-x86_64 | 2.3.2 | 162.00 | NOTE | |||
r-release-windows-x86_64 | 2.3.2 | 46.00 | 408.00 | 454.00 | OK | |
r-oldrel-macos-arm64 | 2.3.2 | 94.00 | NOTE | |||
r-oldrel-windows-x86_64 | 2.3.2 | 45.00 | 354.00 | 399.00 | OK |
Version: 2.3.2
Check: data for non-ASCII characters
Result: NOTE
Note: found 2 marked UTF-8 strings
Flavors: r-devel-linux-x86_64-fedora-clang, r-devel-linux-x86_64-fedora-gcc
Version: 2.3.2
Check: package dependencies
Result: NOTE
Package suggested but not available for checking: ‘org.Rn.eg.db’
Flavors: r-release-macos-arm64, r-oldrel-macos-arm64
Version: 2.3.2
Check: package dependencies
Result: NOTE
Packages suggested but not available for checking:
'org.Rn.eg.db', 'org.Mm.eg.db'
Flavor: r-release-macos-x86_64