Last updated on 2025-01-19 21:49:33 CET.
Flavor | Version | Tinstall | Tcheck | Ttotal | Status | Flags |
---|---|---|---|---|---|---|
r-devel-linux-x86_64-debian-clang | 1.0.0-1.1.2 | 6.45 | 63.98 | 70.43 | NOTE | |
r-devel-linux-x86_64-debian-gcc | 1.0.0-1.1.2 | 4.19 | 48.19 | 52.38 | NOTE | |
r-devel-linux-x86_64-fedora-clang | 1.0.0-1.1.2 | 122.25 | NOTE | |||
r-devel-linux-x86_64-fedora-gcc | 1.0.0-1.1.2 | 121.58 | NOTE | |||
r-devel-windows-x86_64 | 1.0.0-1.1.2 | 8.00 | 92.00 | 100.00 | NOTE | |
r-patched-linux-x86_64 | 1.0.0-1.1.2 | 7.64 | 59.90 | 67.54 | NOTE | |
r-release-linux-x86_64 | 1.0.0-1.1.2 | 5.70 | 59.04 | 64.74 | NOTE | |
r-release-macos-arm64 | 1.0.0-1.1.2 | 42.00 | NOTE | |||
r-release-macos-x86_64 | 1.0.0-1.1.2 | 66.00 | NOTE | |||
r-release-windows-x86_64 | 1.0.0-1.1.2 | 7.00 | 97.00 | 104.00 | NOTE | |
r-oldrel-macos-arm64 | 1.0.0-1.1.2 | 48.00 | OK | |||
r-oldrel-macos-x86_64 | 1.0.0-1.1.2 | 68.00 | OK | |||
r-oldrel-windows-x86_64 | 1.0.0-1.1.2 | 7.00 | 102.00 | 109.00 | OK |
Version: 1.0.0-1.1.2
Check: Rd files
Result: NOTE
checkRd: (-1) setup_sql_functions.Rd:5: Lost braces; missing escapes or markup?
5 | \title{Install {timeseriesdb} System Functions}
| ^
checkRd: (-1) setup_sql_functions.Rd:17: Lost braces; missing escapes or markup?
17 | Installs functions needed to operated {timeseriesdb} in
| ^
checkRd: (-1) setup_sql_grant_rights.Rd:5: Lost braces; missing escapes or markup?
5 | \title{Grant execute on {timeseriesdb} functions}
| ^
checkRd: (-1) setup_sql_grant_rights.Rd:17: Lost braces; missing escapes or markup?
17 | Grant execute on {timeseriesdb} functions
| ^
checkRd: (-1) setup_sql_tables.Rd:5: Lost braces; missing escapes or markup?
5 | \title{Install {timeseriesdb} System Tables}
| ^
checkRd: (-1) setup_sql_tables.Rd:17: Lost braces; missing escapes or markup?
17 | Installs tables needed to operated {timeseriesdb} in
| ^
checkRd: (-1) setup_sql_triggers.Rd:5: Lost braces; missing escapes or markup?
5 | \title{Install {timeseriesdb} Triggers}
| ^
Flavors: r-devel-linux-x86_64-debian-clang, r-devel-linux-x86_64-debian-gcc, r-devel-linux-x86_64-fedora-clang, r-devel-linux-x86_64-fedora-gcc, r-devel-windows-x86_64, r-patched-linux-x86_64, r-release-linux-x86_64, r-release-macos-arm64, r-release-macos-x86_64, r-release-windows-x86_64