CRAN Package Check Results for Package timeSeries

Last updated on 2020-07-15 06:48:28 CEST.

Flavor Version Tinstall Tcheck Ttotal Status Flags
r-devel-linux-x86_64-debian-clang 3062.100 13.71 90.41 104.12 OK
r-devel-linux-x86_64-debian-gcc 3062.100 11.01 68.89 79.90 OK
r-devel-linux-x86_64-fedora-clang 3062.100 132.13 OK
r-devel-linux-x86_64-fedora-gcc 3062.100 129.80 OK
r-devel-windows-ix86+x86_64 3062.100 28.00 106.00 134.00 OK
r-patched-linux-x86_64 3062.100 12.67 88.16 100.83 OK
r-patched-solaris-x86 3062.100 157.70 OK
r-release-linux-x86_64 3062.100 12.56 90.01 102.57 OK
r-release-macos-x86_64 3062.100 ERROR
r-release-windows-ix86+x86_64 3062.100 29.00 112.00 141.00 OK
r-oldrel-macos-x86_64 3062.100 OK
r-oldrel-windows-ix86+x86_64 3062.100 45.00 141.00 186.00 OK

Check Details

Version: 3062.100
Check: whether package can be installed
Result: ERROR
    Installation failed.
Flavor: r-release-macos-x86_64