CRAN Package Check Results for Package timeR

Last updated on 2023-04-01 12:56:40 CEST.

Flavor Version Tinstall Tcheck Ttotal Status Flags
r-devel-linux-x86_64-debian-clang 1.2.0 3.01 25.24 28.25 NOTE
r-devel-linux-x86_64-debian-gcc 1.2.0 2.25 20.01 22.26 NOTE
r-devel-linux-x86_64-fedora-clang 1.2.0 37.07 NOTE
r-devel-linux-x86_64-fedora-gcc 1.2.0 45.56 NOTE
r-patched-linux-x86_64 1.2.0 2.94 24.60 27.54 NOTE
r-release-linux-x86_64 1.2.0 3.09 25.66 28.75 NOTE
r-release-macos-arm64 1.2.0 23.00 NOTE
r-release-macos-x86_64 1.2.0 27.00 NOTE
r-release-windows-x86_64 1.2.0 15.00 71.00 86.00 NOTE
r-oldrel-macos-arm64 1.2.0 25.00 NOTE
r-oldrel-macos-x86_64 1.2.0 32.00 NOTE
r-oldrel-windows-ix86+x86_64 1.2.0 8.00 62.00 70.00 NOTE

Check Details

Version: 1.2.0
Check: package subdirectories
Result: NOTE
    Problems with news in ‘NEWS.md’:
    No news entries found.
Flavors: r-devel-linux-x86_64-debian-clang, r-devel-linux-x86_64-debian-gcc, r-devel-linux-x86_64-fedora-clang, r-devel-linux-x86_64-fedora-gcc, r-patched-linux-x86_64

Version: 1.2.0
Check: LazyData
Result: NOTE
     'LazyData' is specified without a 'data' directory
Flavors: r-devel-linux-x86_64-debian-clang, r-devel-linux-x86_64-debian-gcc, r-devel-linux-x86_64-fedora-clang, r-devel-linux-x86_64-fedora-gcc, r-patched-linux-x86_64, r-release-linux-x86_64, r-release-macos-arm64, r-release-macos-x86_64, r-release-windows-x86_64, r-oldrel-macos-arm64, r-oldrel-macos-x86_64, r-oldrel-windows-ix86+x86_64

Version: 1.2.0
Check: dependencies in R code
Result: NOTE
    Namespace in Imports field not imported from: ‘lubridate’
     All declared Imports should be used.
Flavors: r-devel-linux-x86_64-fedora-clang, r-devel-linux-x86_64-fedora-gcc, r-release-macos-arm64, r-release-macos-x86_64, r-oldrel-macos-arm64, r-oldrel-macos-x86_64