Last updated on 2024-04-24 21:55:01 CEST.
Flavor | Version | Tinstall | Tcheck | Ttotal | Status | Flags |
---|---|---|---|---|---|---|
r-devel-linux-x86_64-debian-clang | 0.2.0 | 3.15 | 139.18 | 142.33 | OK | |
r-devel-linux-x86_64-debian-gcc | 0.2.0 | 2.65 | 102.06 | 104.71 | OK | |
r-devel-linux-x86_64-fedora-clang | 0.2.0 | 170.76 | NOTE | |||
r-devel-linux-x86_64-fedora-gcc | 0.2.0 | 180.19 | NOTE | |||
r-devel-windows-x86_64 | 0.2.0 | 6.00 | 115.00 | 121.00 | OK | |
r-patched-linux-x86_64 | 0.2.0 | 2.84 | 136.25 | 139.09 | OK | |
r-release-linux-x86_64 | 0.2.0 | 3.27 | 129.54 | 132.81 | OK | |
r-release-macos-arm64 | 0.2.0 | 56.00 | OK | |||
r-release-windows-x86_64 | 0.2.0 | 5.00 | 109.00 | 114.00 | OK | |
r-oldrel-macos-arm64 | 0.2.0 | 61.00 | NOTE | |||
r-oldrel-macos-x86_64 | 0.2.0 | 88.00 | OK | |||
r-oldrel-windows-x86_64 | 0.2.0 | 6.00 | 139.00 | 145.00 | OK |
Version: 0.2.0
Check: dependencies in R code
Result: NOTE
Namespace in Imports field not imported from: ‘lwgeom’
All declared Imports should be used.
Flavors: r-devel-linux-x86_64-fedora-clang, r-devel-linux-x86_64-fedora-gcc, r-oldrel-macos-arm64