CRAN Package Check Results for Package tilegramsR

Last updated on 2020-05-26 03:48:34 CEST.

Flavor Version Tinstall Tcheck Ttotal Status Flags
r-devel-linux-x86_64-debian-clang 0.2.0 5.01 40.74 45.75 OK
r-devel-linux-x86_64-debian-gcc 0.2.0 4.19 32.62 36.81 OK
r-devel-linux-x86_64-fedora-clang 0.2.0 59.82 NOTE
r-devel-linux-x86_64-fedora-gcc 0.2.0 56.88 NOTE
r-devel-windows-ix86+x86_64 0.2.0 15.00 93.00 108.00 OK
r-patched-linux-x86_64 0.2.0 4.73 40.85 45.58 OK
r-patched-solaris-x86 0.2.0 89.80 NOTE
r-release-linux-x86_64 0.2.0 4.71 40.44 45.15 OK
r-release-osx-x86_64 0.2.0 NOTE
r-release-windows-ix86+x86_64 0.2.0 11.00 82.00 93.00 OK
r-oldrel-osx-x86_64 0.2.0 NOTE
r-oldrel-windows-ix86+x86_64 0.2.0 11.00 103.00 114.00 OK

Check Details

Version: 0.2.0
Check: dependencies in R code
Result: NOTE
    Namespace in Imports field not imported from: ‘sp’
     All declared Imports should be used.
Flavors: r-devel-linux-x86_64-fedora-clang, r-devel-linux-x86_64-fedora-gcc, r-patched-solaris-x86, r-release-osx-x86_64, r-oldrel-osx-x86_64

Version: 0.2.0
Check: data for non-ASCII characters
Result: NOTE
     Note: found 341 marked UTF-8 strings
Flavors: r-devel-linux-x86_64-fedora-clang, r-devel-linux-x86_64-fedora-gcc, r-patched-solaris-x86, r-release-osx-x86_64, r-oldrel-osx-x86_64