Last updated on 2023-06-05 03:58:11 CEST.
Flavor | Version | Tinstall | Tcheck | Ttotal | Status | Flags |
---|---|---|---|---|---|---|
r-devel-linux-x86_64-debian-clang | 0.5.7 | 8.92 | 116.94 | 125.86 | OK | |
r-devel-linux-x86_64-debian-gcc | 0.5.7 | 6.29 | 89.47 | 95.76 | OK | |
r-devel-linux-x86_64-fedora-clang | 0.5.7 | 156.05 | NOTE | |||
r-devel-linux-x86_64-fedora-gcc | 0.5.7 | 140.59 | NOTE | |||
r-devel-windows-x86_64 | 0.5.7 | 10.00 | 139.00 | 149.00 | OK | |
r-patched-linux-x86_64 | 0.5.7 | 8.52 | 108.44 | 116.96 | OK | |
r-release-linux-x86_64 | 0.5.7 | 8.83 | 109.47 | 118.30 | OK | |
r-release-macos-arm64 | 0.5.7 | 65.00 | OK | |||
r-release-macos-x86_64 | 0.5.7 | 86.00 | OK | |||
r-release-windows-x86_64 | 0.5.7 | 13.00 | 160.00 | 173.00 | OK | |
r-oldrel-macos-arm64 | 0.5.7 | 49.00 | OK | |||
r-oldrel-macos-x86_64 | 0.5.7 | 72.00 | OK | |||
r-oldrel-windows-x86_64 | 0.5.7 | 12.00 | 136.00 | 148.00 | OK |
Version: 0.5.7
Check: data for non-ASCII characters
Result: NOTE
Note: found 4581 marked UTF-8 strings
Flavors: r-devel-linux-x86_64-fedora-clang, r-devel-linux-x86_64-fedora-gcc