Last updated on 2023-09-24 12:28:33 CEST.
Flavor | Version | Tinstall | Tcheck | Ttotal | Status | Flags |
---|---|---|---|---|---|---|
r-devel-linux-x86_64-debian-clang | 1.3.0 | 19.49 | 183.03 | 202.52 | NOTE | |
r-devel-linux-x86_64-debian-gcc | 1.3.0 | 13.62 | 137.33 | 150.95 | NOTE | |
r-devel-linux-x86_64-fedora-clang | 1.3.0 | 250.69 | NOTE | |||
r-devel-linux-x86_64-fedora-gcc | 1.3.0 | 253.80 | NOTE | |||
r-devel-windows-x86_64 | 1.3.0 | 19.00 | 169.00 | 188.00 | NOTE | |
r-patched-linux-x86_64 | 1.3.0 | 20.20 | 179.07 | 199.27 | NOTE | |
r-release-linux-x86_64 | 1.3.0 | 17.98 | 178.16 | 196.14 | NOTE | |
r-release-macos-arm64 | 1.3.0 | 86.00 | NOTE | |||
r-release-macos-x86_64 | 1.3.0 | 133.00 | NOTE | |||
r-release-windows-x86_64 | 1.3.0 | 24.00 | 207.00 | 231.00 | NOTE | |
r-oldrel-macos-arm64 | 1.3.0 | 66.00 | OK | |||
r-oldrel-macos-x86_64 | 1.3.0 | 89.00 | OK | |||
r-oldrel-windows-x86_64 | 1.3.0 | 24.00 | 188.00 | 212.00 | OK |
Version: 1.3.0
Check: C++ specification
Result: NOTE
Specified C++11: please drop specification unless essential
Flavors: r-devel-linux-x86_64-debian-clang, r-devel-linux-x86_64-debian-gcc, r-devel-linux-x86_64-fedora-clang, r-devel-linux-x86_64-fedora-gcc, r-devel-windows-x86_64, r-patched-linux-x86_64, r-release-linux-x86_64, r-release-macos-arm64, r-release-macos-x86_64, r-release-windows-x86_64
Version: 1.3.0
Check: Rd \usage sections
Result: NOTE
Documented arguments not in \usage in documentation object 'deprecated-se':
‘expand_cols’
Documented arguments not in \usage in documentation object 'tidyr_legacy':
‘nm’
Functions with \usage entries need to have the appropriate \alias
entries, and all their arguments documented.
The \usage entries must correspond to syntactically valid R code.
See chapter ‘Writing R documentation files’ in the ‘Writing R
Extensions’ manual.
Flavors: r-devel-linux-x86_64-debian-clang, r-devel-linux-x86_64-debian-gcc, r-devel-linux-x86_64-fedora-clang, r-devel-linux-x86_64-fedora-gcc, r-devel-windows-x86_64
Version: 1.3.0
Check: data for non-ASCII characters
Result: NOTE
Note: found 24 marked UTF-8 strings
Flavors: r-devel-linux-x86_64-fedora-clang, r-devel-linux-x86_64-fedora-gcc