Last updated on 2025-07-23 21:52:01 CEST.
Flavor | Version | Tinstall | Tcheck | Ttotal | Status | Flags |
---|---|---|---|---|---|---|
r-devel-linux-x86_64-debian-clang | 2.0 | 4.90 | 51.69 | 56.59 | OK | |
r-devel-linux-x86_64-debian-gcc | 2.0 | 3.41 | 39.38 | 42.79 | OK | |
r-devel-linux-x86_64-fedora-clang | 2.0 | 87.91 | OK | |||
r-devel-linux-x86_64-fedora-gcc | 2.0 | 98.91 | OK | |||
r-devel-windows-x86_64 | 2.0 | 6.00 | 68.00 | 74.00 | OK | |
r-patched-linux-x86_64 | 2.0 | 5.10 | 48.93 | 54.03 | OK | |
r-release-linux-x86_64 | 2.0 | 4.18 | 48.93 | 53.11 | OK | |
r-release-macos-arm64 | 2.0 | 40.00 | OK | |||
r-release-macos-x86_64 | 2.0 | 66.00 | OK | |||
r-release-windows-x86_64 | 2.0 | 6.00 | 67.00 | 73.00 | ERROR | |
r-oldrel-macos-arm64 | 2.0 | 43.00 | OK | |||
r-oldrel-macos-x86_64 | 2.0 | 75.00 | OK | |||
r-oldrel-windows-x86_64 | 2.0 | 8.00 | 82.00 | 90.00 | OK |
Version: 2.0
Check: re-building of vignette outputs
Result: ERROR
Error(s) in re-building vignettes:
--- re-building 'pmcftp.Rmd' using rmarkdown
--- finished re-building 'pmcftp.Rmd'
--- re-building 'tidypmc.Rmd' using rmarkdown
Quitting from tidypmc.Rmd:22-26 [epmc_ftxt]
~~~~~~~~~~~~~~~~~~~~~~~~~~~~~~~~~~~~~~~~~~~~~~~~~~~~~~~~~~~~~~~~~~~~~~~~~~~~~~~~
<error/rlang_error>
Error in `open.connection()`:
! cannot open the connection
---
Backtrace:
▆
1. └─tidypmc::pmc_xml("PMC2231364")
2. ├─xml2::read_xml(url1)
3. └─xml2:::read_xml.character(url1)
4. └─xml2:::read_xml.connection(...)
5. ├─base::open(x, "rb")
6. └─base::open.connection(x, "rb")
~~~~~~~~~~~~~~~~~~~~~~~~~~~~~~~~~~~~~~~~~~~~~~~~~~~~~~~~~~~~~~~~~~~~~~~~~~~~~~~~
Error: processing vignette 'tidypmc.Rmd' failed with diagnostics:
cannot open the connection
--- failed re-building 'tidypmc.Rmd'
SUMMARY: processing the following file failed:
'tidypmc.Rmd'
Error: Vignette re-building failed.
Execution halted
Flavor: r-release-windows-x86_64