Last updated on 2022-06-30 06:49:38 CEST.
Flavor | Version | Tinstall | Tcheck | Ttotal | Status | Flags |
---|---|---|---|---|---|---|
r-devel-linux-x86_64-debian-clang | 0.2.4 | 6.68 | 86.92 | 93.60 | NOTE | |
r-devel-linux-x86_64-debian-gcc | 0.2.4 | 5.23 | 63.84 | 69.07 | NOTE | |
r-devel-linux-x86_64-fedora-clang | 0.2.4 | 123.80 | NOTE | |||
r-devel-linux-x86_64-fedora-gcc | 0.2.4 | 122.75 | NOTE | |||
r-devel-windows-x86_64 | 0.2.4 | 27.00 | 108.00 | 135.00 | NOTE | |
r-patched-linux-x86_64 | 0.2.4 | 7.00 | 82.18 | 89.18 | NOTE | |
r-release-linux-x86_64 | 0.2.4 | 4.43 | 82.32 | 86.75 | NOTE | |
r-release-macos-arm64 | 0.2.4 | 31.00 | NOTE | |||
r-release-macos-x86_64 | 0.2.4 | 59.00 | NOTE | |||
r-release-windows-x86_64 | 0.2.4 | 26.00 | 117.00 | 143.00 | NOTE | |
r-oldrel-macos-arm64 | 0.2.4 | 37.00 | NOTE | |||
r-oldrel-macos-x86_64 | 0.2.4 | 61.00 | NOTE | |||
r-oldrel-windows-ix86+x86_64 | 0.2.4 | 16.00 | 111.00 | 127.00 | NOTE |
Version: 0.2.4
Check: LazyData
Result: NOTE
'LazyData' is specified without a 'data' directory
Flavors: r-devel-linux-x86_64-debian-clang, r-devel-linux-x86_64-debian-gcc, r-devel-linux-x86_64-fedora-clang, r-devel-linux-x86_64-fedora-gcc, r-devel-windows-x86_64, r-patched-linux-x86_64, r-release-linux-x86_64, r-release-macos-arm64, r-release-macos-x86_64, r-release-windows-x86_64, r-oldrel-macos-arm64, r-oldrel-macos-x86_64, r-oldrel-windows-ix86+x86_64