Last updated on 2024-04-25 15:48:13 CEST.
Flavor | Version | Tinstall | Tcheck | Ttotal | Status | Flags |
---|---|---|---|---|---|---|
r-devel-linux-x86_64-debian-clang | 0.5.7 | 6.55 | 65.88 | 72.43 | OK | |
r-devel-linux-x86_64-debian-gcc | 0.5.7 | 4.87 | 1797.07 | 1801.94 | ERROR | |
r-devel-linux-x86_64-fedora-clang | 0.5.7 | 95.36 | NOTE | |||
r-devel-linux-x86_64-fedora-gcc | 0.5.7 | 106.41 | OK | |||
r-devel-windows-x86_64 | 0.5.7 | 8.00 | 76.00 | 84.00 | OK | |
r-patched-linux-x86_64 | 0.5.7 | 5.76 | 65.52 | 71.28 | OK | |
r-release-linux-x86_64 | 0.5.7 | 4.88 | 63.59 | 68.47 | OK | |
r-release-macos-arm64 | 0.5.7 | 36.00 | OK | |||
r-release-windows-x86_64 | 0.5.7 | 6.00 | 74.00 | 80.00 | OK | |
r-oldrel-macos-arm64 | 0.5.7 | 41.00 | OK | |||
r-oldrel-macos-x86_64 | 0.5.7 | 56.00 | OK | |||
r-oldrel-windows-x86_64 | 0.5.7 | 8.00 | 82.00 | 90.00 | OK |
Version: 0.5.7
Check: re-building of vignette outputs
Result: ERROR
Error(s) in re-building vignettes:
...
--- re-building ‘Introduction.Rmd’ using rmarkdown
Killed
Flavor: r-devel-linux-x86_64-debian-gcc
Version: 0.5.7
Check: Rd cross-references
Result: NOTE
Undeclared packages ‘tidyfst’, ‘tidyr’, ‘fastDummies’ in Rd xrefs
Flavor: r-devel-linux-x86_64-fedora-clang