Last updated on 2025-02-01 12:48:41 CET.
Flavor | Version | Tinstall | Tcheck | Ttotal | Status | Flags |
---|---|---|---|---|---|---|
r-devel-linux-x86_64-debian-clang | 0.0.1 | 8.02 | 140.71 | 148.73 | NOTE | |
r-devel-linux-x86_64-debian-gcc | 0.0.1 | 5.97 | 95.90 | 101.87 | NOTE | |
r-devel-linux-x86_64-fedora-clang | 1.0.0 | 246.95 | OK | |||
r-devel-linux-x86_64-fedora-gcc | 0.0.1 | 252.89 | NOTE | |||
r-devel-windows-x86_64 | 0.0.1 | 12.00 | 155.00 | 167.00 | NOTE | |
r-patched-linux-x86_64 | 0.0.1 | 8.71 | 130.26 | 138.97 | OK | |
r-release-linux-x86_64 | 0.0.1 | 7.68 | 129.16 | 136.84 | OK | |
r-release-macos-arm64 | 0.0.1 | 77.00 | OK | |||
r-release-macos-x86_64 | 1.0.0 | 127.00 | OK | |||
r-release-windows-x86_64 | 0.0.1 | 9.00 | 151.00 | 160.00 | OK | |
r-oldrel-macos-arm64 | 0.0.1 | 74.00 | OK | |||
r-oldrel-macos-x86_64 | 0.0.1 | 156.00 | OK | |||
r-oldrel-windows-x86_64 | 0.0.1 | 12.00 | 191.00 | 203.00 | OK |
Version: 0.0.1
Check: DESCRIPTION meta-information
Result: NOTE
Missing dependency on R >= 4.2.0 because package code uses the pipe
placeholder syntax added in R 4.2.0.
File(s) using such syntax:
‘class-fun_cpt.R’
Flavors: r-devel-linux-x86_64-debian-clang, r-devel-linux-x86_64-debian-gcc, r-devel-linux-x86_64-fedora-gcc, r-devel-windows-x86_64