CRAN Package Check Results for Package tidycells

Last updated on 2020-04-30 06:47:10 CEST.

Flavor Version Tinstall Tcheck Ttotal Status Flags
r-devel-linux-x86_64-debian-clang 0.2.2 10.15 351.60 361.75 OK
r-devel-linux-x86_64-debian-gcc 0.2.2 8.96 257.45 266.41 ERROR
r-devel-linux-x86_64-fedora-clang 0.2.2 397.41 OK
r-devel-linux-x86_64-fedora-gcc 0.2.2 413.47 OK
r-devel-windows-ix86+x86_64 0.2.2 23.00 310.00 333.00 OK
r-patched-linux-x86_64 0.2.2 9.99 337.56 347.55 OK
r-patched-solaris-x86 0.2.2 461.80 OK
r-release-linux-x86_64 0.2.2 10.73 332.32 343.05 OK
r-release-osx-x86_64 0.2.2 OK
r-release-windows-ix86+x86_64 0.2.2 20.00 429.00 449.00 OK
r-oldrel-osx-x86_64 0.2.2 OK
r-oldrel-windows-ix86+x86_64 0.2.2 15.00 291.00 306.00 OK

Check Details

Version: 0.2.2
Check: tests
Result: ERROR
     Running ‘testthat.R’ [164s/224s]
    Running the tests in ‘tests/testthat.R’ failed.
    Complete output:
     > library(testthat)
     > library(tidycells)
     >
     >
     > test_check("tidycells")
     ── 1. Error: optional_package dependency test (@test-optional_package.R#22) ───
     argument is of length zero
     Backtrace:
     1. tidycells::read_cells(dm$fn[dm$original == "xls"])
     2. tidycells:::read_cells.character(dm$fn[dm$original == "xls"])
     3. tidycells:::read_cells.read_cell_part(...)
    
     Error in .jcall("java/lang/Class", "Ljava/lang/Class;", "forName", cl, :
     RcallMethod: cannot determine object class
     Error in .jcall("java/lang/Class", "Ljava/lang/Class;", "forName", cl, :
     RcallMethod: cannot determine object class
     Support present for following type of files: csv, xls, xlsx, docx, pdf, html
     Note:
     ☰ LibreOffice may be required for doc files
     ☰ Support is enabled for content type (means it will work even if the extension is wrong)
     ☰ Support not present for following type of files: doc
     Details:
     ┌──────────────────────────────────────────────┐
     │ │
     │ type package present support │
     │ 1 csv{utils} utils ✔ ✔ │
     │ 2 csv readr ✔ ✔ │
     │ 3 xls{readxl} readxl ✔ ✔ │
     │ 4 xls xlsx ✔ ✔ │
     │ 5 xlsx tidyxl ✔ ✔ │
     │ 6 doc docxtractr ✔ ✖ │
     │ 7 docx docxtractr ✔ ✔ │
     │ 8 pdf tabulizer ✔ ✔ │
     │ 9 html XML ✔ ✔ │
     │ │
     └──────────────────────────────────────────────┘
     Error in .jcall("java/lang/Class", "Ljava/lang/Class;", "forName", cl, :
     RcallMethod: cannot determine object class
     Error in .jcall("java/lang/Class", "Ljava/lang/Class;", "forName", cl, :
     RcallMethod: cannot determine object class
     Support present for following type of files: csv, xls, xlsx, docx, pdf, html
     Note:
     ☰ LibreOffice may be required for doc files
     ☰ Support is enabled for content type (means it will work even if the extension is wrong)
     ☰ Support not present for following type of files: doc
     Details:
     ┌──────────────────────────────────────────────┐
     │ │
     │ type package present support │
     │ 1 csv{utils} utils ✔ ✔ │
     │ 2 csv readr ✔ ✔ │
     │ 3 xls{readxl} readxl ✔ ✔ │
     │ 4 xls xlsx ✔ ✔ │
     │ 5 xlsx tidyxl ✔ ✔ │
     │ 6 doc docxtractr ✔ ✖ │
     │ 7 docx docxtractr ✔ ✔ │
     │ 8 pdf tabulizer ✔ ✔ │
     │ 9 html XML ✔ ✔ │
     │ │
     └──────────────────────────────────────────────┘
     ══ testthat results ═══════════════════════════════════════════════════════════
     [ OK: 176 | SKIPPED: 3 | WARNINGS: 0 | FAILED: 1 ]
     1. Error: optional_package dependency test (@test-optional_package.R#22)
    
     Error: testthat unit tests failed
     Execution halted
Flavor: r-devel-linux-x86_64-debian-gcc