CRAN Package Check Results for Package tidyLPA

Last updated on 2023-12-08 12:52:33 CET.

Flavor Version Tinstall Tcheck Ttotal Status Flags
r-devel-linux-x86_64-debian-clang 1.1.0 12.00 148.41 160.41 NOTE
r-devel-linux-x86_64-debian-gcc 1.1.0 8.20 113.29 121.49 NOTE
r-devel-linux-x86_64-fedora-clang 1.1.0 201.54 NOTE
r-devel-linux-x86_64-fedora-gcc 1.1.0 197.35 NOTE
r-devel-windows-x86_64 1.1.0 12.00 146.00 158.00 NOTE
r-patched-linux-x86_64 1.1.0 6.74 143.02 149.76 NOTE
r-release-linux-x86_64 1.1.0 6.91 145.11 152.02 NOTE
r-release-macos-arm64 1.1.0 67.00 NOTE
r-release-macos-x86_64 1.1.0 106.00 NOTE
r-release-windows-x86_64 1.1.0 15.00 182.00 197.00 NOTE
r-oldrel-macos-arm64 1.1.0 54.00 NOTE
r-oldrel-macos-x86_64 1.1.0 105.00 NOTE
r-oldrel-windows-x86_64 1.1.0 14.00 157.00 171.00 OK

Check Details

Version: 1.1.0
Check: package subdirectories
Result: NOTE Problems with news in ‘NEWS.md’: Cannot extract version info from the following section titles: Minor changes: Flavors: r-devel-linux-x86_64-debian-clang, r-devel-linux-x86_64-debian-gcc, r-devel-linux-x86_64-fedora-clang, r-devel-linux-x86_64-fedora-gcc, r-devel-windows-x86_64, r-patched-linux-x86_64, r-release-linux-x86_64, r-release-macos-arm64, r-release-macos-x86_64, r-release-windows-x86_64

Version: 1.1.0
Check: Rd files
Result: NOTE checkRd: (-1) single_imputation.Rd:21-22: Lost braces in \itemize; meant \describe ? checkRd: (-1) single_imputation.Rd:23-27: Lost braces in \itemize; meant \describe ? Flavors: r-devel-linux-x86_64-debian-clang, r-devel-linux-x86_64-debian-gcc

Version: 1.1.0
Check: dependencies in R code
Result: NOTE Namespace in Imports field not imported from: ‘mix’ All declared Imports should be used. Flavors: r-devel-linux-x86_64-fedora-clang, r-devel-linux-x86_64-fedora-gcc, r-oldrel-macos-arm64, r-oldrel-macos-x86_64

Version: 1.1.0
Check: package dependencies
Result: NOTE Package suggested but not available for checking: ‘lme4’ Flavor: r-release-macos-x86_64