CRAN Package Check Results for Package thor

Last updated on 2022-09-28 12:55:32 CEST.

Flavor Version Tinstall Tcheck Ttotal Status Flags
r-devel-linux-x86_64-debian-clang 1.1.2 10.96 41.84 52.80 NOTE
r-devel-linux-x86_64-debian-gcc 1.1.2 8.73 31.80 40.53 NOTE
r-devel-linux-x86_64-fedora-clang 1.1.2 82.00 NOTE
r-devel-linux-x86_64-fedora-gcc 1.1.2 74.08 NOTE
r-devel-windows-x86_64 1.1.2 28.00 78.00 106.00 WARN
r-patched-linux-x86_64 1.1.2 10.45 38.82 49.27 NOTE
r-release-linux-x86_64 1.1.2 10.53 38.44 48.97 NOTE
r-release-macos-arm64 1.1.2 25.00 NOTE
r-release-macos-x86_64 1.1.2 33.00 NOTE
r-release-windows-x86_64 1.1.2 31.00 75.00 106.00 WARN
r-oldrel-macos-arm64 1.1.2 28.00 NOTE
r-oldrel-macos-x86_64 1.1.2 44.00 NOTE
r-oldrel-windows-ix86+x86_64 1.1.2 35.00 83.00 118.00 NOTE

Check Details

Version: 1.1.2
Check: LazyData
Result: NOTE
     'LazyData' is specified without a 'data' directory
Flavors: r-devel-linux-x86_64-debian-clang, r-devel-linux-x86_64-debian-gcc, r-devel-linux-x86_64-fedora-clang, r-devel-linux-x86_64-fedora-gcc, r-devel-windows-x86_64, r-patched-linux-x86_64, r-release-linux-x86_64, r-release-macos-arm64, r-release-macos-x86_64, r-release-windows-x86_64, r-oldrel-macos-arm64, r-oldrel-macos-x86_64, r-oldrel-windows-ix86+x86_64

Version: 1.1.2
Check: whether package can be installed
Result: WARN
    Found the following significant warnings:
     lmdb/mdb.c:10787:5: warning: 'I' flag used with '%x' gnu_printf format [-Wformat=]
     lmdb/mdb.c:10787:5: warning: format '%x' expects argument of type 'unsigned int', but argument 4 has type 'long long unsigned int' [-Wformat=]
     lmdb/mdb.c:10787:24: warning: 'I' flag used with '%x' gnu_printf format [-Wformat=]
     lmdb/mdb.c:10787:24: warning: format '%x' expects argument of type 'unsigned int', but argument 4 has type 'long long unsigned int' [-Wformat=]
     lmdb/mdb.c:10787:24: warning: ISO C does not support the 'I' printf flag [-Wformat=]
     lmdb/mdb.c:10787:24: warning: format '%u' expects argument of type 'unsigned int', but argument 5 has type 'txnid_t' {aka 'long long unsigned int'} [-Wformat=]
Flavor: r-devel-windows-x86_64

Version: 1.1.2
Check: whether package can be installed
Result: WARN
    Found the following significant warnings:
     lmdb/mdb.c:10787:24: warning: ISO C does not support the 'I' printf flag [-Wformat=]
Flavor: r-release-windows-x86_64