Last updated on 2023-03-26 06:53:39 CEST.
Flavor | Version | Tinstall | Tcheck | Ttotal | Status | Flags |
---|---|---|---|---|---|---|
r-devel-linux-x86_64-debian-clang | 0.1.2.1 | 4.76 | 56.98 | 61.74 | OK | |
r-devel-linux-x86_64-debian-gcc | 0.1.2.1 | 4.21 | 42.71 | 46.92 | OK | |
r-devel-linux-x86_64-fedora-clang | 0.1.2.1 | 77.98 | OK | |||
r-devel-linux-x86_64-fedora-gcc | 0.1.2.1 | 77.06 | OK | |||
r-patched-linux-x86_64 | 0.1.2.1 | 5.18 | 55.23 | 60.41 | OK | |
r-release-linux-x86_64 | 0.1.2.1 | 3.83 | 55.49 | 59.32 | OK | |
r-release-macos-arm64 | 0.1.2.1 | 33.00 | OK | |||
r-release-macos-x86_64 | 0.1.2.1 | 56.00 | OK | |||
r-release-windows-x86_64 | 0.1.2.1 | 712.00 | 93.00 | 805.00 | OK | |
r-oldrel-macos-arm64 | 0.1.2.1 | 31.00 | NOTE | |||
r-oldrel-macos-x86_64 | 0.1.2.1 | 42.00 | OK | |||
r-oldrel-windows-ix86+x86_64 | 0.1.2.1 | 11.00 | 88.00 | 99.00 | NOTE |
Version: 0.1.2.1
Check: package dependencies
Result: NOTE
Packages suggested but not available for checking: 'sysfonts', 'showtext'
Flavor: r-oldrel-macos-arm64
Version: 0.1.2.1
Check: dependencies in R code
Result: NOTE
Initiating curl with CURL_SSL_BACKEND: openssl
Flavor: r-oldrel-windows-ix86+x86_64