Last updated on 2023-03-23 03:53:37 CET.
Flavor | Version | Tinstall | Tcheck | Ttotal | Status | Flags |
---|---|---|---|---|---|---|
r-devel-linux-x86_64-debian-clang | 2.3.22 | 26.61 | 24.66 | 51.27 | NOTE | |
r-devel-linux-x86_64-debian-gcc | 2.3.22 | 24.18 | 19.26 | 43.44 | NOTE | |
r-devel-linux-x86_64-fedora-clang | 2.3.22 | 86.49 | NOTE | |||
r-devel-linux-x86_64-fedora-gcc | 2.3.22 | 82.19 | NOTE | |||
r-patched-linux-x86_64 | 2.3.22 | 26.11 | 24.58 | 50.69 | OK | |
r-release-linux-x86_64 | 2.3.22 | 23.86 | 24.70 | 48.56 | OK | |
r-release-macos-arm64 | 2.3.22 | 31.00 | OK | |||
r-release-macos-x86_64 | 2.3.22 | 34.00 | OK | |||
r-oldrel-macos-arm64 | 2.3.22 | 32.00 | OK | |||
r-oldrel-macos-x86_64 | 2.3.22 | 38.00 | OK |
Version: 2.3.22
Check: C++ specification
Result: NOTE
Specified C++11: please drop specification unless essential
Flavors: r-devel-linux-x86_64-debian-clang, r-devel-linux-x86_64-debian-gcc, r-devel-linux-x86_64-fedora-clang, r-devel-linux-x86_64-fedora-gcc