Last updated on 2024-04-20 05:59:09 CEST.
Flavor | Version | Tinstall | Tcheck | Ttotal | Status | Flags |
---|---|---|---|---|---|---|
r-devel-linux-x86_64-debian-clang | 0.5.4 | 92.51 | 154.68 | 247.19 | NOTE | |
r-devel-linux-x86_64-debian-gcc | 0.5.4 | 67.77 | 122.16 | 189.93 | NOTE | |
r-devel-linux-x86_64-fedora-clang | 0.5.4 | 355.62 | NOTE | |||
r-devel-linux-x86_64-fedora-gcc | 0.5.4 | 342.75 | NOTE | |||
r-prerel-macos-arm64 | 0.5.4 | 74.00 | NOTE | |||
r-patched-linux-x86_64 | 0.5.4 | 90.68 | 147.34 | 238.02 | NOTE | |
r-release-linux-x86_64 | 0.5.4 | 90.20 | 136.30 | 226.50 | NOTE | |
r-release-macos-arm64 | 0.5.4 | 70.00 | NOTE | |||
r-release-macos-x86_64 | 0.5.4 | 131.00 | NOTE | |||
r-oldrel-macos-arm64 | 0.5.4 | 71.00 | NOTE |
Version: 0.5.4
Check: for GNU extensions in Makefiles
Result: NOTE
GNU make is a SystemRequirements.
Flavors: r-devel-linux-x86_64-debian-clang, r-devel-linux-x86_64-debian-gcc, r-devel-linux-x86_64-fedora-clang, r-devel-linux-x86_64-fedora-gcc, r-prerel-macos-arm64, r-patched-linux-x86_64, r-release-linux-x86_64, r-release-macos-arm64, r-release-macos-x86_64, r-oldrel-macos-arm64