Last updated on 2023-12-05 21:50:55 CET.
Flavor | Version | Tinstall | Tcheck | Ttotal | Status | Flags |
---|---|---|---|---|---|---|
r-devel-linux-x86_64-debian-clang | 0.3.2 | 207.37 | 76.87 | 284.24 | NOTE | |
r-devel-linux-x86_64-debian-gcc | 0.3.2 | 154.98 | 56.52 | 211.50 | NOTE | |
r-devel-linux-x86_64-fedora-clang | 0.3.2 | 469.57 | NOTE | |||
r-devel-linux-x86_64-fedora-gcc | 0.3.2 | 458.32 | NOTE | |||
r-devel-windows-x86_64 | 0.3.2 | 170.00 | 119.00 | 289.00 | NOTE | |
r-patched-linux-x86_64 | 0.3.2 | 191.53 | 72.67 | 264.20 | NOTE | |
r-release-linux-x86_64 | 0.3.2 | 179.80 | 73.46 | 253.26 | NOTE | |
r-release-macos-arm64 | 0.3.2 | 94.00 | NOTE | |||
r-release-macos-x86_64 | 0.3.2 | 178.00 | NOTE | |||
r-release-windows-x86_64 | 0.3.2 | 214.00 | 125.00 | 339.00 | NOTE | |
r-oldrel-macos-arm64 | 0.3.2 | 93.00 | NOTE | |||
r-oldrel-macos-x86_64 | 0.3.2 | 113.00 | NOTE | |||
r-oldrel-windows-x86_64 | 0.3.2 | 206.00 | 115.00 | 321.00 | OK |
Version: 0.3.2
Check: C++ specification
Result: NOTE
Specified C++11: please drop specification unless essential
Flavors: r-devel-linux-x86_64-debian-clang, r-devel-linux-x86_64-debian-gcc, r-devel-linux-x86_64-fedora-clang, r-devel-linux-x86_64-fedora-gcc, r-devel-windows-x86_64, r-patched-linux-x86_64, r-release-linux-x86_64, r-release-macos-arm64, r-release-macos-x86_64, r-release-windows-x86_64
Version: 0.3.2
Check: installed package size
Result: NOTE
installed size is 7.2Mb
sub-directories of 1Mb or more:
libs 6.4Mb
Flavors: r-release-macos-arm64, r-release-macos-x86_64, r-oldrel-macos-arm64, r-oldrel-macos-x86_64