CRAN Package Check Results for Package textmineR

Last updated on 2022-01-17 06:53:32 CET.

Flavor Version Tinstall Tcheck Ttotal Status Flags
r-devel-linux-x86_64-debian-clang 3.0.5 104.73 391.08 495.81 OK
r-devel-linux-x86_64-debian-gcc 3.0.5 71.16 282.83 353.99 OK
r-devel-linux-x86_64-fedora-clang 3.0.5 652.49 NOTE
r-devel-linux-x86_64-fedora-gcc 3.0.5 489.90 OK
r-devel-windows-x86_64-new-UL 3.0.5 146.00 511.00 657.00 OK
r-devel-windows-x86_64-new-TK 3.0.5 OK
r-patched-linux-x86_64 3.0.5 90.57 381.93 472.50 OK
r-release-linux-x86_64 3.0.5 OK
r-release-macos-arm64 3.0.5 NOTE
r-release-macos-x86_64 3.0.5 NOTE
r-release-windows-ix86+x86_64 3.0.5 252.00 653.00 905.00 OK
r-oldrel-macos-x86_64 3.0.5 NOTE
r-oldrel-windows-ix86+x86_64 3.0.5 252.00 660.00 912.00 OK

Check Details

Version: 3.0.5
Check: Rd cross-references
Result: NOTE
    Undeclared package ‘tm’ in Rd xrefs
Flavor: r-devel-linux-x86_64-fedora-clang

Version: 3.0.5
Check: installed package size
Result: NOTE
     installed size is 6.1Mb
     sub-directories of 1Mb or more:
     libs 4.2Mb
Flavors: r-release-macos-arm64, r-release-macos-x86_64, r-oldrel-macos-x86_64