Last updated on 2025-02-01 21:49:28 CET.
Flavor | Version | Tinstall | Tcheck | Ttotal | Status | Flags |
---|---|---|---|---|---|---|
r-devel-linux-x86_64-debian-clang | 0.1.0 | 13.25 | 34.16 | 47.41 | OK | |
r-devel-linux-x86_64-debian-gcc | 0.1.0 | 11.56 | 26.04 | 37.60 | OK | |
r-devel-linux-x86_64-fedora-clang | 0.1.0 | 74.87 | OK | |||
r-devel-linux-x86_64-fedora-gcc | 0.1.0 | 70.19 | OK | |||
r-devel-windows-x86_64 | 0.1.0 | 14.00 | 75.00 | 89.00 | OK | |
r-patched-linux-x86_64 | 0.1.0 | 14.00 | 32.19 | 46.19 | NOTE | |
r-release-linux-x86_64 | 0.1.0 | 13.22 | 32.59 | 45.81 | NOTE | |
r-release-macos-arm64 | 0.1.0 | 30.00 | NOTE | |||
r-release-macos-x86_64 | 0.1.0 | 50.00 | NOTE | |||
r-release-windows-x86_64 | 0.1.0 | 14.00 | 60.00 | 74.00 | NOTE | |
r-oldrel-macos-arm64 | 0.1.0 | 32.00 | NOTE | |||
r-oldrel-macos-x86_64 | 0.1.0 | 45.00 | NOTE | |||
r-oldrel-windows-x86_64 | 0.1.0 | 13.00 | 61.00 | 74.00 | NOTE |
Version: 0.1.0
Check: LazyData
Result: NOTE
'LazyData' is specified without a 'data' directory
Flavors: r-patched-linux-x86_64, r-release-linux-x86_64, r-release-macos-arm64, r-release-macos-x86_64, r-release-windows-x86_64, r-oldrel-macos-arm64, r-oldrel-macos-x86_64, r-oldrel-windows-x86_64