CRAN Package Check Results for Package text2map

Last updated on 2025-01-20 06:48:36 CET.

Flavor Version Tinstall Tcheck Ttotal Status Flags
r-devel-linux-x86_64-debian-clang 0.2.0 16.93 145.13 162.06 OK
r-devel-linux-x86_64-debian-gcc 0.2.0 12.27 106.38 118.65 OK
r-devel-linux-x86_64-fedora-clang 0.2.0 259.57 NOTE
r-devel-linux-x86_64-fedora-gcc 0.2.0 237.23 OK
r-devel-windows-x86_64 0.2.0 18.00 143.00 161.00 OK
r-patched-linux-x86_64 0.2.0 15.75 131.50 147.25 OK
r-release-linux-x86_64 0.2.0 15.53 132.08 147.61 OK
r-release-macos-arm64 0.2.0 65.00 OK
r-release-macos-x86_64 0.2.0 101.00 OK
r-release-windows-x86_64 0.2.0 16.00 141.00 157.00 OK
r-oldrel-macos-arm64 0.2.0 76.00 OK
r-oldrel-macos-x86_64 0.2.0 167.00 OK
r-oldrel-windows-x86_64 0.2.0 23.00 178.00 201.00 OK

Check Details

Version: 0.2.0
Check: whether startup messages can be suppressed
Result: NOTE OMP: Warning #96: Cannot form a team with 24 threads, using 2 instead. OMP: Hint Consider unsetting KMP_DEVICE_THREAD_LIMIT (KMP_ALL_THREADS), KMP_TEAMS_THREAD_LIMIT, and OMP_THREAD_LIMIT (if any are set). It looks like this package (or a package it requires) has a startup message which cannot be suppressed: see ?packageStartupMessage. Flavor: r-devel-linux-x86_64-fedora-clang