CRAN Package Check Results for Package testassay

Last updated on 2024-05-24 12:58:20 CEST.

Flavor Version Tinstall Tcheck Ttotal Status Flags
r-devel-linux-x86_64-debian-clang 0.1.1 1.92 31.84 33.76 NOTE
r-devel-linux-x86_64-debian-gcc 0.1.1 1.68 24.10 25.78 NOTE
r-devel-linux-x86_64-fedora-clang 0.1.1 44.59 NOTE
r-devel-linux-x86_64-fedora-gcc 0.1.1 54.65 NOTE
r-devel-windows-x86_64 0.1.1 3.00 46.00 49.00 NOTE
r-patched-linux-x86_64 0.1.1 2.24 30.50 32.74 NOTE
r-release-linux-x86_64 0.1.1 2.12 30.89 33.01 NOTE
r-release-macos-arm64 0.1.1 24.00 NOTE
r-release-windows-x86_64 0.1.1 3.00 46.00 49.00 NOTE
r-oldrel-macos-arm64 0.1.1 24.00 OK
r-oldrel-macos-x86_64 0.1.1 35.00 OK
r-oldrel-windows-x86_64 0.1.1 3.00 47.00 50.00 OK

Check Details

Version: 0.1.1
Check: Rd files
Result: NOTE checkRd: (-1) lognormConstCVCI.Rd:19: Lost braces in \itemize; \value handles \item{}{} directly checkRd: (-1) lognormConstCVCI.Rd:20: Lost braces in \itemize; \value handles \item{}{} directly checkRd: (-1) lognormConstCVCI.Rd:21: Lost braces in \itemize; \value handles \item{}{} directly checkRd: (-1) normConstCVCI.Rd:21: Lost braces in \itemize; \value handles \item{}{} directly checkRd: (-1) normConstCVCI.Rd:22: Lost braces in \itemize; \value handles \item{}{} directly checkRd: (-1) normConstCVCI.Rd:23: Lost braces in \itemize; \value handles \item{}{} directly checkRd: (-1) testassay.Rd:32: Lost braces in \itemize; \value handles \item{}{} directly checkRd: (-1) testassay.Rd:33: Lost braces in \itemize; \value handles \item{}{} directly checkRd: (-1) testassay.Rd:34: Lost braces in \itemize; \value handles \item{}{} directly checkRd: (-1) testassay.Rd:35: Lost braces in \itemize; \value handles \item{}{} directly checkRd: (-1) testassay.Rd:36: Lost braces in \itemize; \value handles \item{}{} directly checkRd: (-1) testassay.Rd:37: Lost braces in \itemize; \value handles \item{}{} directly checkRd: (-1) testassay.Rd:38: Lost braces in \itemize; \value handles \item{}{} directly checkRd: (-1) testassay.Rd:39: Lost braces in \itemize; \value handles \item{}{} directly checkRd: (-1) testassay.Rd:40: Lost braces in \itemize; \value handles \item{}{} directly Flavors: r-devel-linux-x86_64-debian-clang, r-devel-linux-x86_64-debian-gcc, r-devel-linux-x86_64-fedora-clang, r-devel-linux-x86_64-fedora-gcc, r-devel-windows-x86_64, r-patched-linux-x86_64, r-release-linux-x86_64, r-release-macos-arm64, r-release-windows-x86_64