Last updated on 2022-05-28 12:54:16 CEST.
Flavor | Version | Tinstall | Tcheck | Ttotal | Status | Flags |
---|---|---|---|---|---|---|
r-devel-linux-x86_64-debian-clang | 5.0.0 | 21.93 | 132.18 | 154.11 | OK | |
r-devel-linux-x86_64-debian-gcc | 5.0.0 | 18.35 | 212.44 | 230.79 | OK | |
r-devel-linux-x86_64-fedora-clang | 5.0.0 | 145.56 | OK | |||
r-devel-linux-x86_64-fedora-gcc | 5.0.0 | 144.67 | OK | |||
r-devel-windows-x86_64 | 5.0.0 | 112.00 | 137.00 | 249.00 | NOTE | |
r-patched-linux-x86_64 | 5.0.0 | 20.74 | 109.27 | 130.01 | OK | |
r-release-linux-x86_64 | 5.0.0 | 22.18 | 102.36 | 124.54 | OK | |
r-release-macos-arm64 | 5.0.0 | 41.00 | NOTE | |||
r-release-macos-x86_64 | 5.0.0 | 60.00 | NOTE | |||
r-release-windows-x86_64 | 5.0.0 | 76.00 | 142.00 | 218.00 | NOTE | |
r-oldrel-macos-arm64 | 5.0.0 | 47.00 | NOTE | |||
r-oldrel-macos-x86_64 | 5.0.0 | 71.00 | NOTE | |||
r-oldrel-windows-ix86+x86_64 | 5.0.0 | 81.00 | 151.00 | 232.00 | NOTE |
Version: 5.0.0
Check: installed package size
Result: NOTE
installed size is 22.6Mb
sub-directories of 1Mb or more:
doc 1.0Mb
libs 7.4Mb
tessdata 14.0Mb
Flavors: r-devel-windows-x86_64, r-release-macos-arm64, r-release-macos-x86_64, r-release-windows-x86_64, r-oldrel-macos-arm64, r-oldrel-macos-x86_64, r-oldrel-windows-ix86+x86_64