CRAN Package Check Results for Package terrainmeshr

Last updated on 2022-08-13 12:55:27 CEST.

Flavor Version Tinstall Tcheck Ttotal Status Flags
r-devel-linux-x86_64-debian-clang 0.1.0 31.69 28.38 60.07 NOTE
r-devel-linux-x86_64-debian-gcc 0.1.0 25.37 21.81 47.18 NOTE
r-devel-linux-x86_64-fedora-clang 0.1.0 98.06 NOTE
r-devel-linux-x86_64-fedora-gcc 0.1.0 87.19 NOTE
r-devel-windows-x86_64 0.1.0 148.00 68.00 216.00 NOTE
r-patched-linux-x86_64 0.1.0 26.01 27.86 53.87 NOTE
r-release-linux-x86_64 0.1.0 26.20 27.50 53.70 NOTE
r-release-macos-arm64 0.1.0 25.00 NOTE
r-release-macos-x86_64 0.1.0 34.00 NOTE
r-release-windows-x86_64 0.1.0 37.00 68.00 105.00 NOTE
r-oldrel-macos-arm64 0.1.0 29.00 NOTE
r-oldrel-macos-x86_64 0.1.0 42.00 NOTE
r-oldrel-windows-ix86+x86_64 0.1.0 83.00 80.00 163.00 NOTE

Check Details

Version: 0.1.0
Check: LazyData
Result: NOTE
     'LazyData' is specified without a 'data' directory
Flavors: r-devel-linux-x86_64-debian-clang, r-devel-linux-x86_64-debian-gcc, r-devel-linux-x86_64-fedora-clang, r-devel-linux-x86_64-fedora-gcc, r-devel-windows-x86_64, r-patched-linux-x86_64, r-release-linux-x86_64, r-release-macos-arm64, r-release-macos-x86_64, r-release-windows-x86_64, r-oldrel-macos-arm64, r-oldrel-macos-x86_64, r-oldrel-windows-ix86+x86_64