CRAN Package Check Results for Package terra

Last updated on 2022-01-22 03:56:59 CET.

Flavor Version Tinstall Tcheck Ttotal Status Flags
r-devel-linux-x86_64-debian-clang 1.5-12 450.97 302.91 753.88 OK
r-devel-linux-x86_64-debian-gcc 1.5-12 378.31 226.58 604.89 OK
r-devel-linux-x86_64-fedora-clang 1.5-12 1190.51 NOTE
r-devel-linux-x86_64-fedora-gcc 1.5-12 1127.45 OK
r-devel-windows-x86_64-new-UL 1.5-12 728.00 814.00 1542.00 NOTE
r-devel-windows-x86_64-new-TK 1.5-12 OK
r-patched-linux-x86_64 1.5-12 467.77 301.15 768.92 OK
r-release-linux-x86_64 1.5-12 446.62 296.80 743.42 OK
r-release-macos-arm64 1.5-12 NOTE
r-release-macos-x86_64 1.5-12 NOTE
r-release-windows-ix86+x86_64 1.5-12 1147.00 840.00 1987.00 ERROR
r-oldrel-macos-x86_64 1.4-22 NOTE
r-oldrel-windows-ix86+x86_64 1.5-12 1154.00 845.00 1999.00 ERROR

Check Details

Version: 1.5-12
Check: installed package size
Result: NOTE
     installed size is 39.3Mb
     sub-directories of 1Mb or more:
     R 1.7Mb
     libs 36.7Mb
Flavors: r-devel-linux-x86_64-fedora-clang, r-devel-windows-x86_64-new-UL, r-release-macos-arm64, r-release-macos-x86_64, r-release-windows-ix86+x86_64, r-oldrel-windows-ix86+x86_64

Version: 1.5-12
Check: running examples for arch ‘i386’
Result: ERROR
    Running examples in 'terra-Ex.R' failed
    The error most likely occurred in:
    
    > ### Name: union
    > ### Title: Union SpatVector or SpatExtent objects
    > ### Aliases: union union,SpatExtent,SpatExtent-method
    > ### union,SpatVector,SpatVector-method union,SpatVector,SpatExtent-method
    > ### union,SpatVector,missing-method
    > ### Keywords: methods spatial
    >
    > ### ** Examples
    >
    > e1 <- ext(-10, 10, -20, 20)
    > e2 <- ext(0, 20, -40, 5)
    > union(e1, e2)
    SpatExtent : -10, 20, -40, 20 (xmin, xmax, ymin, ymax)
    >
    > #SpatVector
    > v <- vect(system.file("ex/lux.shp", package="terra"))
    > v <- v[,3:4]
    > p <- vect(c("POLYGON ((5.8 49.8, 6 49.9, 6.15 49.8, 6 49.65, 5.8 49.8))",
    + "POLYGON ((6.3 49.9, 6.2 49.7, 6.3 49.6, 6.5 49.8, 6.3 49.9))"), crs=crs(v))
    > values(p) <- data.frame(pid=1:2, value=expanse(p))
    > u <- union(v, p)
    > plot(u, "pid")
    >
    > b <- buffer(v, 1000)
    >
    > u <- union(b)
    > u$sum <- rowSums(as.data.frame(u))
    Error: [[[<-,SpatVector] cannot set these values
    Execution halted
Flavors: r-release-windows-ix86+x86_64, r-oldrel-windows-ix86+x86_64

Version: 1.4-22
Check: installed package size
Result: NOTE
     installed size is 302.1Mb
     sub-directories of 1Mb or more:
     R 1.5Mb
     libs 299.6Mb
Flavor: r-oldrel-macos-x86_64