Last updated on 2025-02-22 12:50:57 CET.
Flavor | Version | Tinstall | Tcheck | Ttotal | Status | Flags |
---|---|---|---|---|---|---|
r-devel-linux-x86_64-debian-clang | 0.1.4 | 13.17 | 123.09 | 136.26 | ERROR | |
r-devel-linux-x86_64-debian-gcc | 0.1.4 | 9.11 | 97.74 | 106.85 | OK | |
r-devel-linux-x86_64-fedora-clang | 0.1.4 | 207.88 | ERROR | |||
r-devel-linux-x86_64-fedora-gcc | 0.1.4 | 247.18 | OK | |||
r-devel-macos-arm64 | 0.1.4 | 66.00 | OK | |||
r-devel-macos-x86_64 | 0.1.4 | 122.00 | OK | |||
r-devel-windows-x86_64 | 0.1.4 | 13.00 | 132.00 | 145.00 | OK | |
r-patched-linux-x86_64 | 0.1.4 | 12.22 | 130.45 | 142.67 | OK | |
r-release-linux-x86_64 | 0.1.4 | 10.41 | 126.60 | 137.01 | OK | |
r-release-macos-arm64 | 0.1.4 | 79.00 | OK | |||
r-release-macos-x86_64 | 0.1.4 | 115.00 | OK | |||
r-release-windows-x86_64 | 0.1.4 | 14.00 | 130.00 | 144.00 | OK | |
r-oldrel-macos-arm64 | 0.1.4 | 74.00 | OK | |||
r-oldrel-macos-x86_64 | 0.1.4 | 110.00 | OK | |||
r-oldrel-windows-x86_64 | 0.1.4 | 18.00 | 169.00 | 187.00 | OK |
Version: 0.1.4
Check: re-building of vignette outputs
Result: ERROR
Error(s) in re-building vignettes:
...
--- re-building ‘tern-rbmi.Rmd’ using rmarkdown
0,248,Js_of_ocaml__Js.Error,18,TypeError: not a function
Quitting from lines 164-172 [unnamed-chunk-7] (tern-rbmi.Rmd)
Error: processing vignette 'tern-rbmi.Rmd' failed with diagnostics:
$ operator is invalid for atomic vectors
--- failed re-building ‘tern-rbmi.Rmd’
SUMMARY: processing the following file failed:
‘tern-rbmi.Rmd’
Error: Vignette re-building failed.
Execution halted
Flavor: r-devel-linux-x86_64-debian-clang
Version: 0.1.4
Check: re-building of vignette outputs
Result: ERROR
Error(s) in re-building vignettes:
--- re-building ‘tern-rbmi.Rmd’ using rmarkdown
0,248,Js_of_ocaml__Js.Error,18,TypeError: not a function
Quitting from lines 164-172 [unnamed-chunk-7] (tern-rbmi.Rmd)
Error: processing vignette 'tern-rbmi.Rmd' failed with diagnostics:
$ operator is invalid for atomic vectors
--- failed re-building ‘tern-rbmi.Rmd’
SUMMARY: processing the following file failed:
‘tern-rbmi.Rmd’
Error: Vignette re-building failed.
Execution halted
Flavor: r-devel-linux-x86_64-fedora-clang