CRAN Package Check Results for Package tern

Last updated on 2024-02-22 04:05:07 CET.

Flavor Version Tinstall Tcheck Ttotal Status Flags
r-devel-linux-x86_64-debian-clang 0.9.3 OK
r-devel-linux-x86_64-debian-gcc 0.9.3 26.32 430.24 456.56 OK
r-devel-linux-x86_64-fedora-clang 0.9.3 756.86 NOTE
r-devel-linux-x86_64-fedora-gcc 0.9.3 750.44 OK
r-devel-windows-x86_64 0.9.3 30.00 452.00 482.00 NOTE
r-patched-linux-x86_64 0.9.3 46.70 573.97 620.67 OK
r-release-linux-x86_64 0.9.3 30.29 585.84 616.13 OK
r-release-macos-arm64 0.9.3 158.00 NOTE
r-release-macos-x86_64 0.9.3 269.00 NOTE
r-release-windows-x86_64 0.9.3 39.00 613.00 652.00 NOTE
r-oldrel-macos-arm64 0.9.3 151.00 NOTE
r-oldrel-windows-x86_64 0.9.3 42.00 565.00 607.00 NOTE

Check Details

Version: 0.9.3
Check: installed package size
Result: NOTE installed size is 8.5Mb sub-directories of 1Mb or more: doc 4.5Mb help 2.7Mb Flavors: r-devel-linux-x86_64-fedora-clang, r-devel-windows-x86_64, r-release-macos-arm64, r-release-macos-x86_64, r-release-windows-x86_64, r-oldrel-macos-arm64, r-oldrel-windows-x86_64