Last updated on 2024-04-23 05:58:30 CEST.
Flavor | Version | Tinstall | Tcheck | Ttotal | Status | Flags |
---|---|---|---|---|---|---|
r-devel-linux-x86_64-debian-clang | 3.0.0 | 17.94 | 65.49 | 83.43 | NOTE | |
r-devel-linux-x86_64-debian-gcc | 3.0.0 | 11.79 | 48.57 | 60.36 | NOTE | |
r-devel-linux-x86_64-fedora-clang | 3.0.0 | 105.75 | NOTE | |||
r-devel-linux-x86_64-fedora-gcc | 3.0.0 | 118.66 | NOTE | |||
r-prerel-macos-arm64 | 3.0.0 | 39.00 | NOTE | |||
r-prerel-windows-x86_64 | 3.0.0 | 15.00 | 82.00 | 97.00 | NOTE | |
r-patched-linux-x86_64 | 3.0.0 | 17.41 | 62.30 | 79.71 | NOTE | |
r-release-linux-x86_64 | 3.0.0 | 10.96 | 60.08 | 71.04 | OK | |
r-release-macos-arm64 | 3.0.0 | 39.00 | OK | |||
r-release-macos-x86_64 | 3.0.0 | 60.00 | OK | |||
r-release-windows-x86_64 | 3.0.0 | 17.00 | 87.00 | 104.00 | OK | |
r-oldrel-macos-arm64 | 3.0.0 | 33.00 | OK | |||
r-oldrel-windows-x86_64 | 3.0.0 | 18.00 | 81.00 | 99.00 | OK |
Version: 3.0.0
Check: Rd files
Result: NOTE
checkRd: (-1) sendChatAction.Rd:16: Lost braces in \itemize; meant \describe ?
checkRd: (-1) sendChatAction.Rd:17: Lost braces in \itemize; meant \describe ?
checkRd: (-1) sendChatAction.Rd:18: Lost braces in \itemize; meant \describe ?
checkRd: (-1) sendChatAction.Rd:19: Lost braces in \itemize; meant \describe ?
checkRd: (-1) sendChatAction.Rd:20: Lost braces in \itemize; meant \describe ?
checkRd: (-1) sendChatAction.Rd:21: Lost braces in \itemize; meant \describe ?
checkRd: (-1) sendChatAction.Rd:22: Lost braces in \itemize; meant \describe ?
checkRd: (-1) sendChatAction.Rd:23: Lost braces in \itemize; meant \describe ?
checkRd: (-1) sendChatAction.Rd:24: Lost braces in \itemize; meant \describe ?
checkRd: (-1) sendChatAction.Rd:25: Lost braces in \itemize; meant \describe ?
Flavors: r-devel-linux-x86_64-debian-clang, r-devel-linux-x86_64-debian-gcc, r-devel-linux-x86_64-fedora-clang, r-devel-linux-x86_64-fedora-gcc, r-prerel-macos-arm64, r-prerel-windows-x86_64, r-patched-linux-x86_64