Last updated on 2025-07-23 21:52:01 CEST.
Flavor | Version | Tinstall | Tcheck | Ttotal | Status | Flags |
---|---|---|---|---|---|---|
r-devel-linux-x86_64-debian-clang | 0.1.1 | 1.54 | 19.82 | 21.36 | OK | |
r-devel-linux-x86_64-debian-gcc | 0.1.1 | 1.36 | 15.95 | 17.31 | OK | |
r-devel-linux-x86_64-fedora-clang | 0.1.1 | 31.51 | OK | |||
r-devel-linux-x86_64-fedora-gcc | 0.1.1 | 31.77 | OK | |||
r-devel-windows-x86_64 | 0.1.1 | 2.00 | 40.00 | 42.00 | OK | |
r-patched-linux-x86_64 | 0.1.1 | 1.73 | 18.78 | 20.51 | OK | |
r-release-linux-x86_64 | 0.1.1 | 1.65 | 18.64 | 20.29 | OK | |
r-release-macos-arm64 | 0.1.1 | 15.00 | OK | |||
r-release-macos-x86_64 | 0.1.1 | 23.00 | OK | |||
r-release-windows-x86_64 | 0.1.1 | 3.00 | 46.00 | 49.00 | OK | |
r-oldrel-macos-arm64 | 0.1.1 | 15.00 | NOTE | |||
r-oldrel-macos-x86_64 | 0.1.1 | 21.00 | NOTE | |||
r-oldrel-windows-x86_64 | 0.1.1 | 3.00 | 46.00 | 49.00 | NOTE |
Version: 0.1.1
Check: LazyData
Result: NOTE
'LazyData' is specified without a 'data' directory
Flavors: r-oldrel-macos-arm64, r-oldrel-macos-x86_64, r-oldrel-windows-x86_64