CRAN Package Check Results for Package teamr

Last updated on 2024-07-23 03:57:39 CEST.

Flavor Version Tinstall Tcheck Ttotal Status Flags
r-devel-linux-x86_64-debian-clang 0.0.1 4.41 20.38 24.79 NOTE
r-devel-linux-x86_64-debian-gcc 0.0.1 3.58 16.07 19.65 NOTE
r-devel-linux-x86_64-fedora-clang 0.0.1 33.71 NOTE
r-devel-linux-x86_64-fedora-gcc 0.0.1 30.93 NOTE
r-devel-windows-x86_64 0.0.1 5.00 39.00 44.00 NOTE
r-patched-linux-x86_64 0.0.1 8.59 20.36 28.95 NOTE
r-release-linux-x86_64 0.0.1 5.03 20.17 25.20 NOTE
r-release-macos-arm64 0.0.1 15.00 NOTE
r-release-macos-x86_64 0.0.1 21.00 NOTE
r-release-windows-x86_64 0.0.1 5.00 38.00 43.00 NOTE
r-oldrel-macos-arm64 0.0.1 15.00 NOTE
r-oldrel-macos-x86_64 0.0.1 18.00 NOTE
r-oldrel-windows-x86_64 0.0.1 6.00 38.00 44.00 NOTE

Check Details

Version: 0.0.1
Check: LazyData
Result: NOTE 'LazyData' is specified without a 'data' directory Flavors: r-devel-linux-x86_64-debian-clang, r-devel-linux-x86_64-debian-gcc, r-devel-linux-x86_64-fedora-clang, r-devel-linux-x86_64-fedora-gcc, r-devel-windows-x86_64, r-patched-linux-x86_64, r-release-linux-x86_64, r-release-macos-arm64, r-release-macos-x86_64, r-release-windows-x86_64, r-oldrel-macos-arm64, r-oldrel-macos-x86_64, r-oldrel-windows-x86_64

Version: 0.0.1
Check: Rd cross-references
Result: NOTE Found the following Rd file(s) with Rd \link{} targets missing package anchors: action_card.Rd: R6Class card_section.Rd: R6Class connector_card.Rd: R6Class Please provide package anchors for all Rd \link{} targets not in the package itself and the base packages. Flavors: r-devel-linux-x86_64-debian-gcc, r-devel-windows-x86_64

Version: 0.0.1
Check: dependencies in R code
Result: NOTE Namespaces in Imports field not imported from: ‘httr’ ‘jsonlite’ All declared Imports should be used. Flavors: r-devel-linux-x86_64-fedora-clang, r-devel-linux-x86_64-fedora-gcc