Last updated on 2023-03-22 21:58:14 CET.
Flavor | Version | Tinstall | Tcheck | Ttotal | Status | Flags |
---|---|---|---|---|---|---|
r-devel-linux-x86_64-debian-clang | 0.1.0 | 2.58 | 34.76 | 37.34 | NOTE | |
r-devel-linux-x86_64-debian-gcc | 0.1.0 | 1.84 | 27.17 | 29.01 | NOTE | |
r-devel-linux-x86_64-fedora-clang | 0.1.0 | 48.28 | NOTE | |||
r-devel-linux-x86_64-fedora-gcc | 0.1.0 | 56.58 | NOTE | |||
r-patched-linux-x86_64 | 0.1.0 | 3.35 | 33.39 | 36.74 | NOTE | |
r-release-linux-x86_64 | 0.1.0 | 3.00 | 33.34 | 36.34 | NOTE | |
r-release-macos-arm64 | 0.1.0 | 20.00 | NOTE | |||
r-release-macos-x86_64 | 0.1.0 | 27.00 | NOTE | |||
r-release-windows-x86_64 | 0.1.0 | 32.00 | 68.00 | 100.00 | NOTE | |
r-oldrel-macos-arm64 | 0.1.0 | 25.00 | NOTE | |||
r-oldrel-macos-x86_64 | 0.1.0 | 30.00 | NOTE | |||
r-oldrel-windows-ix86+x86_64 | 0.1.0 | 7.00 | 63.00 | 70.00 | NOTE |
Version: 0.1.0
Check: LazyData
Result: NOTE
'LazyData' is specified without a 'data' directory
Flavors: r-devel-linux-x86_64-debian-clang, r-devel-linux-x86_64-debian-gcc, r-devel-linux-x86_64-fedora-clang, r-devel-linux-x86_64-fedora-gcc, r-patched-linux-x86_64, r-release-linux-x86_64, r-release-macos-arm64, r-release-macos-x86_64, r-release-windows-x86_64, r-oldrel-macos-arm64, r-oldrel-macos-x86_64, r-oldrel-windows-ix86+x86_64