CRAN Package Check Results for Package tcl

Last updated on 2022-01-25 02:49:57 CET.

Flavor Version Tinstall Tcheck Ttotal Status Flags
r-devel-linux-x86_64-debian-clang 0.1.1 8.17 79.59 87.76 OK
r-devel-linux-x86_64-debian-gcc 0.1.1 7.24 61.91 69.15 OK
r-devel-linux-x86_64-fedora-clang 0.1.1 120.22 NOTE
r-devel-linux-x86_64-fedora-gcc 0.1.1 102.35 NOTE
r-devel-windows-x86_64-new-UL 0.1.1 27.00 106.00 133.00 OK
r-devel-windows-x86_64-new-TK 0.1.1 NOTE
r-patched-linux-x86_64 0.1.1 8.48 75.99 84.47 OK
r-release-linux-x86_64 0.1.1 9.72 76.38 86.10 OK
r-release-macos-arm64 0.1.1 NOTE
r-release-macos-x86_64 0.1.1 NOTE
r-release-windows-ix86+x86_64 0.1.1 19.00 94.00 113.00 OK
r-oldrel-macos-x86_64 0.1.1 NOTE
r-oldrel-windows-ix86+x86_64 0.1.1 19.00 94.00 113.00 OK

Check Details

Version: 0.1.1
Check: dependencies in R code
Result: NOTE
    Namespaces in Imports field not imported from:
     ‘colorspace’ ‘psych’
     All declared Imports should be used.
Flavors: r-devel-linux-x86_64-fedora-clang, r-devel-linux-x86_64-fedora-gcc, r-devel-windows-x86_64-new-TK, r-release-macos-arm64, r-release-macos-x86_64, r-oldrel-macos-x86_64