Last updated on 2023-10-04 20:42:42 CEST.
Flavor | Version | Tinstall | Tcheck | Ttotal | Status | Flags |
---|---|---|---|---|---|---|
r-devel-linux-x86_64-debian-clang | 0.2.0 | 11.84 | 90.67 | 102.51 | OK | |
r-devel-linux-x86_64-debian-gcc | 0.2.0 | 10.00 | 68.13 | 78.13 | OK | |
r-devel-linux-x86_64-fedora-clang | 0.2.0 | 128.81 | OK | |||
r-devel-linux-x86_64-fedora-gcc | 0.2.0 | 131.87 | OK | |||
r-devel-windows-x86_64 | 0.2.0 | 10.00 | 91.00 | 101.00 | OK | |
r-patched-linux-x86_64 | 0.2.0 | 10.93 | 85.74 | 96.67 | OK | |
r-release-linux-x86_64 | 0.2.0 | 10.07 | 86.32 | 96.39 | OK | |
r-release-macos-arm64 | 0.2.0 | 45.00 | OK | |||
r-release-macos-x86_64 | 0.2.0 | 91.00 | OK | |||
r-release-windows-x86_64 | 0.2.0 | 13.00 | 103.00 | 116.00 | OK | |
r-oldrel-macos-arm64 | 0.2.0 | 43.00 | ERROR | |||
r-oldrel-macos-x86_64 | 0.2.0 | 64.00 | ERROR | |||
r-oldrel-windows-x86_64 | 0.2.0 | 13.00 | 101.00 | 114.00 | OK |
Version: 0.2.0
Check: PDF version of manual
Result: WARN
LaTeX errors when creating PDF version.
This typically indicates Rd problems.
LaTeX errors found:
! Undefined control sequence.
<argument> \text
{logit} \big ( E(Y) \big ) = \tau + \alpha + \delta (r - 1),
l.172 ...g ) = \tau + \alpha + \delta (r - 1), }{}
Flavors: r-oldrel-macos-arm64, r-oldrel-macos-x86_64
Version: 0.2.0
Check: PDF version of manual without index
Result: ERROR
Flavors: r-oldrel-macos-arm64, r-oldrel-macos-x86_64