Last updated on 2023-03-28 21:54:12 CEST.
Flavor | Version | Tinstall | Tcheck | Ttotal | Status | Flags |
---|---|---|---|---|---|---|
r-devel-linux-x86_64-debian-clang | 0.2.0 | 42.13 | 235.82 | 277.95 | NOTE | |
r-devel-linux-x86_64-debian-gcc | 0.2.0 | 38.14 | 290.78 | 328.92 | NOTE | |
r-devel-linux-x86_64-fedora-clang | 0.2.0 | 324.33 | NOTE | |||
r-devel-linux-x86_64-fedora-gcc | 0.2.0 | 390.18 | NOTE | |||
r-patched-linux-x86_64 | 0.2.0 | 38.96 | 271.08 | 310.04 | NOTE | |
r-release-linux-x86_64 | 0.2.0 | 43.51 | 271.01 | 314.52 | OK | |
r-release-macos-arm64 | 0.2.0 | 70.00 | NOTE | |||
r-release-macos-x86_64 | 0.2.0 | 102.00 | NOTE | |||
r-release-windows-x86_64 | 0.2.0 | 58.00 | 258.00 | 316.00 | OK | |
r-oldrel-macos-arm64 | 0.2.0 | 66.00 | NOTE | |||
r-oldrel-macos-x86_64 | 0.2.0 | 105.00 | NOTE | |||
r-oldrel-windows-ix86+x86_64 | 0.2.0 | 107.00 | 303.00 | 410.00 | OK |
Version: 0.2.0
Check: C++ specification
Result: NOTE
Specified C++11: please drop specification unless essential
Flavors: r-devel-linux-x86_64-debian-clang, r-devel-linux-x86_64-debian-gcc, r-devel-linux-x86_64-fedora-clang, r-devel-linux-x86_64-fedora-gcc, r-patched-linux-x86_64
Version: 0.2.0
Check: dependencies in R code
Result: NOTE
Namespaces in Imports field not imported from:
‘gridExtra’ ‘reshape2’ ‘truncnorm’ ‘xtable’
All declared Imports should be used.
Flavors: r-devel-linux-x86_64-fedora-clang, r-devel-linux-x86_64-fedora-gcc, r-release-macos-arm64, r-release-macos-x86_64, r-oldrel-macos-arm64, r-oldrel-macos-x86_64
Version: 0.2.0
Check: installed package size
Result: NOTE
installed size is 5.1Mb
sub-directories of 1Mb or more:
libs 3.8Mb
Flavors: r-release-macos-x86_64, r-oldrel-macos-x86_64